Last updated on 2025-11-04 07:50:01 CET.
| Flavor | Version | Tinstall | Tcheck | Ttotal | Status | Flags | 
|---|---|---|---|---|---|---|
| r-devel-linux-x86_64-debian-clang | 1.0-9 | 11.46 | 33.67 | 45.13 | NOTE | |
| r-devel-linux-x86_64-debian-gcc | 1.0-9 | 8.69 | 25.55 | 34.24 | NOTE | |
| r-devel-linux-x86_64-fedora-clang | 1.0-9 | 28.00 | 48.53 | 76.53 | OK | |
| r-devel-linux-x86_64-fedora-gcc | 1.0-9 | 30.00 | 56.23 | 86.23 | OK | |
| r-devel-windows-x86_64 | 1.0-9 | 16.00 | 66.00 | 82.00 | OK | |
| r-patched-linux-x86_64 | 1.0-9 | 12.16 | 32.03 | 44.19 | OK | |
| r-release-linux-x86_64 | 1.0-9 | 12.36 | 31.86 | 44.22 | OK | |
| r-release-macos-arm64 | 1.0-9 | 6.00 | 24.00 | 30.00 | OK | |
| r-release-macos-x86_64 | 1.0-9 | 11.00 | 42.00 | 53.00 | OK | |
| r-release-windows-x86_64 | 1.0-9 | 15.00 | 64.00 | 79.00 | OK | |
| r-oldrel-macos-arm64 | 1.0-9 | 6.00 | 22.00 | 28.00 | OK | |
| r-oldrel-macos-x86_64 | 1.0-9 | 8.00 | 42.00 | 50.00 | OK | |
| r-oldrel-windows-x86_64 | 1.0-9 | 20.00 | 78.00 | 98.00 | OK | 
Version: 1.0-9
Check: CRAN incoming feasibility
Result: NOTE
  Maintainer: ‘Kai Husmann <kai.husmann@uni-goettingen.de>’
  
  Package CITATION file contains call(s) to old-style citEntry().  Please
  use bibentry() instead.
Flavors: r-devel-linux-x86_64-debian-clang, r-devel-linux-x86_64-debian-gcc