Last updated on 2025-11-25 07:50:04 CET.
| Flavor | Version | Tinstall | Tcheck | Ttotal | Status | Flags |
|---|---|---|---|---|---|---|
| r-devel-linux-x86_64-debian-clang | 0.6.2 | 4.10 | 46.66 | 50.76 | OK | |
| r-devel-linux-x86_64-debian-gcc | 0.6.2 | 0.26 | 2.31 | 2.57 | ERROR | |
| r-devel-linux-x86_64-fedora-clang | 0.6.2 | 4.62 | ERROR | |||
| r-devel-linux-x86_64-fedora-gcc | 0.6.2 | 4.55 | ERROR | |||
| r-devel-windows-x86_64 | 0.6.2 | 10.00 | 67.00 | 77.00 | OK | |
| r-patched-linux-x86_64 | 0.6.2 | 4.59 | 44.20 | 48.79 | OK | |
| r-release-linux-x86_64 | 0.6.2 | 4.26 | 44.62 | 48.88 | OK | |
| r-release-macos-arm64 | 0.6.2 | OK | ||||
| r-release-macos-x86_64 | 0.6.2 | 4.00 | 56.00 | 60.00 | OK | |
| r-release-windows-x86_64 | 0.6.2 | 8.00 | 66.00 | 74.00 | OK | |
| r-oldrel-macos-arm64 | 0.6.2 | OK | ||||
| r-oldrel-macos-x86_64 | 0.6.2 | 9.00 | 79.00 | 88.00 | OK | |
| r-oldrel-windows-x86_64 | 0.6.2 | 9.00 | 78.00 | 87.00 | OK |
Version: 0.6.2
Check: package dependencies
Result: ERROR
Package required but not available: ‘geojsonsf’
Package suggested but not available for checking: ‘mapview’
See section ‘The DESCRIPTION file’ in the ‘Writing R Extensions’
manual.
Flavors: r-devel-linux-x86_64-debian-gcc, r-devel-linux-x86_64-fedora-clang, r-devel-linux-x86_64-fedora-gcc