CRAN Package Check Results for Package opendotaR

Last updated on 2025-02-21 13:50:57 CET.

Flavor Version Tinstall Tcheck Ttotal Status Flags
r-devel-linux-x86_64-debian-clang 0.1.4 1.65 16.60 18.25 OK
r-devel-linux-x86_64-debian-gcc 0.1.4 1.27 13.97 15.24 OK
r-devel-linux-x86_64-fedora-clang 0.1.4 28.42 NOTE
r-devel-linux-x86_64-fedora-gcc 0.1.4 27.30 NOTE
r-devel-macos-arm64 0.1.4 15.00 OK
r-devel-macos-x86_64 0.1.4 22.00 OK
r-devel-windows-x86_64 0.1.4 3.00 39.00 42.00 OK
r-patched-linux-x86_64 0.1.4 1.57 16.01 17.58 NOTE
r-release-linux-x86_64 0.1.4 1.60 15.95 17.55 NOTE
r-release-macos-arm64 0.1.4 14.00 NOTE
r-release-macos-x86_64 0.1.4 20.00 NOTE
r-release-windows-x86_64 0.1.4 3.00 38.00 41.00 NOTE
r-oldrel-macos-arm64 0.1.4 16.00 NOTE
r-oldrel-macos-x86_64 0.1.4 18.00 NOTE
r-oldrel-windows-x86_64 0.1.4 4.00 41.00 45.00 NOTE

Check Details

Version: 0.1.4
Check: dependencies in R code
Result: NOTE Namespace in Imports field not imported from: ‘dplyr’ All declared Imports should be used. Flavors: r-devel-linux-x86_64-fedora-clang, r-devel-linux-x86_64-fedora-gcc

Version: 0.1.4
Check: LazyData
Result: NOTE 'LazyData' is specified without a 'data' directory Flavors: r-patched-linux-x86_64, r-release-linux-x86_64, r-release-macos-arm64, r-release-macos-x86_64, r-release-windows-x86_64, r-oldrel-macos-arm64, r-oldrel-macos-x86_64, r-oldrel-windows-x86_64