Last updated on 2025-11-04 07:50:01 CET.
| Flavor | Version | Tinstall | Tcheck | Ttotal | Status | Flags | 
|---|---|---|---|---|---|---|
| r-devel-linux-x86_64-debian-clang | 0.5.1 | 78.64 | 54.59 | 133.23 | OK | |
| r-devel-linux-x86_64-debian-gcc | 0.5.1 | 49.67 | 33.39 | 83.06 | OK | |
| r-devel-linux-x86_64-fedora-gcc | 0.5.1 | 131.00 | 143.77 | 274.77 | OK | |
| r-devel-windows-x86_64 | 0.5.1 | 244.00 | 362.00 | 606.00 | OK | |
| r-patched-linux-x86_64 | 0.5.1 | 76.82 | 40.73 | 117.55 | OK | |
| r-release-linux-x86_64 | 0.5.1 | 76.40 | 41.25 | 117.65 | OK | |
| r-release-macos-arm64 | 0.5.1 | 43.00 | 19.00 | 62.00 | OK | |
| r-release-macos-x86_64 | 0.5.1 | 35.00 | 33.00 | 68.00 | OK | |
| r-release-windows-x86_64 | 0.5.1 | 242.00 | 362.00 | 604.00 | OK | |
| r-oldrel-macos-arm64 | 0.5.1 | 40.00 | 24.00 | 64.00 | NOTE | |
| r-oldrel-macos-x86_64 | 0.5.1 | 49.00 | 45.00 | 94.00 | NOTE | |
| r-oldrel-windows-x86_64 | 0.5.1 | 107.00 | 229.00 | 336.00 | NOTE | 
Version: 0.5.1
Check: installed package size
Result: NOTE
    installed size is 31.3Mb
    sub-directories of 1Mb or more:
      libs   21.0Mb
      share  10.2Mb
Flavors: r-oldrel-macos-arm64, r-oldrel-macos-x86_64, r-oldrel-windows-x86_64