Last updated on 2025-11-04 07:50:01 CET.
| Flavor | Version | Tinstall | Tcheck | Ttotal | Status | Flags | 
|---|---|---|---|---|---|---|
| r-devel-linux-x86_64-debian-clang | 0.4 | 18.28 | 141.77 | 160.05 | NOTE | |
| r-devel-linux-x86_64-debian-gcc | 0.4 | 13.50 | 100.40 | 113.90 | NOTE | |
| r-devel-linux-x86_64-fedora-clang | 0.4 | 65.00 | 183.69 | 248.69 | OK | |
| r-devel-linux-x86_64-fedora-gcc | 0.4 | 36.00 | 190.74 | 226.74 | OK | |
| r-devel-windows-x86_64 | 0.4 | 19.00 | 126.00 | 145.00 | OK | |
| r-patched-linux-x86_64 | 0.4 | 16.53 | 129.41 | 145.94 | OK | |
| r-release-linux-x86_64 | 0.4 | 16.81 | 131.58 | 148.39 | OK | |
| r-release-macos-arm64 | 0.4 | 5.00 | ERROR | |||
| r-release-macos-x86_64 | 0.4 | 6.00 | ERROR | |||
| r-release-windows-x86_64 | 0.4 | 35.00 | 127.00 | 162.00 | OK | |
| r-oldrel-macos-arm64 | 0.4 | 12.00 | ERROR | |||
| r-oldrel-macos-x86_64 | 0.4 | 11.00 | ERROR | |||
| r-oldrel-windows-x86_64 | 0.4 | 25.00 | 165.00 | 190.00 | OK | 
Version: 0.4
Check: CRAN incoming feasibility
Result: NOTE
  Maintainer: ‘Jorn Lotsch <j.lotsch@em.uni-frankfurt.de>’
  
  No Authors@R field in DESCRIPTION.
  Please add one, modifying
    Authors@R: c(person(given = "Jorn",
                        family = "Lotsch",
                        role = c("aut", "cre"),
                        email = "j.lotsch@em.uni-frankfurt.de",
                        comment = c(ORCID = "0000-0002-5818-6958")),
                 person(given = "Sebastian",
                        family = "Malkusch",
                        role = "aut",
                        comment = c(ORCID = "0000-0001-6766-140X")),
                 person(given = "Martin",
                        family = "Maechler",
                        role = "ctb"),
                 person(given = "Peter",
                        family = "Rousseeuw",
                        role = "ctb"),
                 person(given = "Anja",
                        family = "Struyf",
                        role = "ctb"),
                 person(given = "Mia",
                        family = "Hubert",
                        role = "ctb"),
                 person(given = "Kurt",
                        family = "Hornik",
                        role = "ctb"))
  as necessary.
Flavors: r-devel-linux-x86_64-debian-clang, r-devel-linux-x86_64-debian-gcc
Version: 0.4
Check: package dependencies
Result: ERROR
  Package required but not available: ‘mixAK’
  
  See section ‘The DESCRIPTION file’ in the ‘Writing R Extensions’
  manual.
Flavors: r-release-macos-arm64, r-release-macos-x86_64, r-oldrel-macos-arm64, r-oldrel-macos-x86_64