Last updated on 2024-05-10 13:49:27 CEST.
Flavor | Version | Tinstall | Tcheck | Ttotal | Status | Flags |
---|---|---|---|---|---|---|
r-devel-linux-x86_64-debian-clang | 1.0.0 | 13.84 | 26.40 | 40.24 | OK | |
r-devel-linux-x86_64-debian-gcc | 1.0.0 | 11.80 | 20.72 | 32.52 | OK | |
r-devel-linux-x86_64-fedora-clang | 1.0.0 | 51.09 | OK | |||
r-devel-linux-x86_64-fedora-gcc | 1.0.0 | 53.71 | OK | |||
r-devel-windows-x86_64 | 1.0.0 | 11.00 | 38.00 | 49.00 | OK | |
r-patched-linux-x86_64 | 1.0.0 | 14.95 | 24.63 | 39.58 | OK | |
r-release-linux-x86_64 | 1.0.0 | 14.72 | 25.64 | 40.36 | OK | |
r-release-macos-arm64 | 1.0.0 | 24.00 | NOTE | |||
r-release-windows-x86_64 | 1.0.0 | 11.00 | 36.00 | 47.00 | OK | |
r-oldrel-macos-arm64 | 1.0.0 | 23.00 | NOTE | |||
r-oldrel-macos-x86_64 | 1.0.0 | 34.00 | NOTE | |||
r-oldrel-windows-x86_64 | 1.0.0 | 12.00 | 39.00 | 51.00 | OK |
Version: 1.0.0
Check: installed package size
Result: NOTE
installed size is 5.4Mb
sub-directories of 1Mb or more:
data 5.3Mb
Flavors: r-release-macos-arm64, r-oldrel-macos-arm64, r-oldrel-macos-x86_64