Last updated on 2025-11-04 07:50:01 CET.
| Flavor | Version | Tinstall | Tcheck | Ttotal | Status | Flags |
|---|---|---|---|---|---|---|
| r-devel-linux-x86_64-debian-clang | 0.0.2 | 1.83 | 24.80 | 26.63 | OK | |
| r-devel-linux-x86_64-debian-gcc | 0.0.2 | 1.32 | 20.62 | 21.94 | OK | |
| r-devel-linux-x86_64-fedora-clang | 0.0.2 | 39.24 | OK | |||
| r-devel-linux-x86_64-fedora-gcc | 0.0.2 | 51.78 | OK | |||
| r-devel-windows-x86_64 | 0.0.2 | 4.00 | 41.00 | 45.00 | OK | |
| r-patched-linux-x86_64 | 0.0.2 | 1.97 | 22.48 | 24.45 | OK | |
| r-release-linux-x86_64 | 0.0.2 | 1.68 | 22.50 | 24.18 | OK | |
| r-release-macos-arm64 | 0.0.2 | 1.00 | 21.00 | 22.00 | OK | |
| r-release-macos-x86_64 | 0.0.2 | 2.00 | 36.00 | 38.00 | OK | |
| r-release-windows-x86_64 | 0.0.2 | 4.00 | 42.00 | 46.00 | OK | |
| r-oldrel-macos-arm64 | 0.0.2 | 1.00 | 22.00 | 23.00 | NOTE | |
| r-oldrel-macos-x86_64 | 0.0.2 | 2.00 | 31.00 | 33.00 | NOTE | |
| r-oldrel-windows-x86_64 | 0.0.2 | 5.00 | 48.00 | 53.00 | NOTE |
Version: 0.0.2
Check: LazyData
Result: NOTE
'LazyData' is specified without a 'data' directory
Flavors: r-oldrel-macos-arm64, r-oldrel-macos-x86_64, r-oldrel-windows-x86_64