CRAN Package Check Results for Package oeli

Last updated on 2025-06-30 15:49:45 CEST.

Flavor Version Tinstall Tcheck Ttotal Status Flags
r-devel-linux-x86_64-debian-clang 0.7.3 100.23 123.53 223.76 OK
r-devel-linux-x86_64-debian-gcc 0.7.4 76.09 94.26 170.35 OK
r-devel-linux-x86_64-fedora-clang 0.7.3 450.66 OK
r-devel-linux-x86_64-fedora-gcc 0.7.4 406.96 OK
r-devel-windows-x86_64 0.7.4 118.00 189.00 307.00 OK
r-patched-linux-x86_64 OK
r-release-linux-x86_64 0.7.4 99.57 122.79 222.36 OK
r-release-macos-arm64 0.7.3 95.00 OK
r-release-macos-x86_64 0.7.4 130.00 OK
r-release-windows-x86_64 0.7.3 115.00 175.00 290.00 OK
r-oldrel-macos-arm64 0.7.3 105.00 NOTE
r-oldrel-macos-x86_64 0.7.4 120.00 NOTE
r-oldrel-windows-x86_64 0.7.4 99.00 209.00 308.00 OK

Check Details

Version: 0.7.3
Check: installed package size
Result: NOTE installed size is 8.5Mb sub-directories of 1Mb or more: libs 8.1Mb Flavor: r-oldrel-macos-arm64

Version: 0.7.4
Check: installed package size
Result: NOTE installed size is 8.5Mb sub-directories of 1Mb or more: libs 8.0Mb Flavor: r-oldrel-macos-x86_64