Last updated on 2025-02-21 13:50:57 CET.
Flavor | Version | Tinstall | Tcheck | Ttotal | Status | Flags |
---|---|---|---|---|---|---|
r-devel-linux-x86_64-debian-clang | 0.1.1 | 3.45 | 114.65 | 118.10 | OK | |
r-devel-linux-x86_64-debian-gcc | 0.1.1 | 2.71 | 73.35 | 76.06 | OK | |
r-devel-linux-x86_64-fedora-clang | 0.1.1 | 180.52 | OK | |||
r-devel-linux-x86_64-fedora-gcc | 0.1.1 | 190.21 | OK | |||
r-devel-macos-arm64 | 0.1.1 | 60.00 | OK | |||
r-devel-macos-x86_64 | 0.1.1 | 186.00 | OK | |||
r-devel-windows-x86_64 | 0.1.1 | 5.00 | 132.00 | 137.00 | OK | |
r-patched-linux-x86_64 | 0.1.1 | 3.60 | 111.92 | 115.52 | NOTE | |
r-release-linux-x86_64 | 0.1.1 | 3.71 | 112.03 | 115.74 | NOTE | |
r-release-macos-arm64 | 0.1.1 | 61.00 | OK | |||
r-release-macos-x86_64 | 0.1.1 | 100.00 | OK | |||
r-release-windows-x86_64 | 0.1.1 | 6.00 | 118.00 | 124.00 | OK | |
r-oldrel-macos-arm64 | 0.1.1 | 77.00 | OK | |||
r-oldrel-macos-x86_64 | 0.1.1 | 115.00 | OK | |||
r-oldrel-windows-x86_64 | 0.1.1 | 7.00 | 142.00 | 149.00 | OK |
Version: 0.1.1
Check: package dependencies
Result: NOTE
Package suggested but not available for checking: ‘DDoutlier’
Flavors: r-patched-linux-x86_64, r-release-linux-x86_64