Last updated on 2025-11-24 07:50:08 CET.
| Flavor | Version | Tinstall | Tcheck | Ttotal | Status | Flags |
|---|---|---|---|---|---|---|
| r-devel-linux-x86_64-debian-clang | 1.0.1 | 3.55 | 34.80 | 38.35 | NOTE | |
| r-devel-linux-x86_64-debian-gcc | 1.0.1 | 2.28 | 27.18 | 29.46 | NOTE | |
| r-devel-linux-x86_64-fedora-clang | 1.0.1 | 56.05 | NOTE | |||
| r-devel-linux-x86_64-fedora-gcc | 1.0.1 | 54.25 | NOTE | |||
| r-devel-windows-x86_64 | 1.0.1 | 5.00 | 50.00 | 55.00 | NOTE | |
| r-patched-linux-x86_64 | 1.0.1 | 3.01 | 31.46 | 34.47 | NOTE | |
| r-release-linux-x86_64 | 1.0.1 | 2.86 | 31.46 | 34.32 | NOTE | |
| r-release-macos-arm64 | 1.0.1 | NOTE | ||||
| r-release-macos-x86_64 | 1.0.1 | 3.00 | 35.00 | 38.00 | NOTE | |
| r-release-windows-x86_64 | 1.0.1 | 5.00 | 50.00 | 55.00 | NOTE | |
| r-oldrel-macos-arm64 | 1.0.1 | OK | ||||
| r-oldrel-macos-x86_64 | 1.0.1 | 3.00 | 29.00 | 32.00 | OK | |
| r-oldrel-windows-x86_64 | 1.0.1 | 7.00 | 63.00 | 70.00 | OK |
Version: 1.0.1
Check: DESCRIPTION meta-information
Result: NOTE
Missing dependency on R >= 4.1.0 because package code uses the pipe
|> or function shorthand \(...) syntax added in R 4.1.0.
File(s) using such syntax:
‘octopus_api.R’
Flavors: r-devel-linux-x86_64-debian-clang, r-devel-linux-x86_64-debian-gcc, r-devel-linux-x86_64-fedora-clang, r-devel-linux-x86_64-fedora-gcc, r-devel-windows-x86_64, r-patched-linux-x86_64, r-release-linux-x86_64, r-release-macos-arm64, r-release-macos-x86_64, r-release-windows-x86_64