Last updated on 2024-05-09 12:49:18 CEST.
Flavor | Version | Tinstall | Tcheck | Ttotal | Status | Flags |
---|---|---|---|---|---|---|
r-devel-linux-x86_64-debian-clang | 0.3.2 | 10.04 | 92.64 | 102.68 | OK | |
r-devel-linux-x86_64-debian-gcc | 0.3.2 | 8.36 | 69.36 | 77.72 | OK | |
r-devel-linux-x86_64-fedora-clang | 0.3.2 | 131.45 | NOTE | |||
r-devel-linux-x86_64-fedora-gcc | 0.3.2 | 193.14 | NOTE | |||
r-devel-windows-x86_64 | 0.3.2 | 13.00 | 105.00 | 118.00 | OK | |
r-patched-linux-x86_64 | 0.3.2 | 12.16 | 89.82 | 101.98 | OK | |
r-release-linux-x86_64 | 0.3.2 | 11.65 | 89.02 | 100.67 | OK | |
r-release-macos-arm64 | 0.3.2 | 77.00 | OK | |||
r-release-windows-x86_64 | 0.3.2 | 12.00 | 106.00 | 118.00 | OK | |
r-oldrel-macos-arm64 | 0.3.2 | 71.00 | OK | |||
r-oldrel-macos-x86_64 | 0.3.2 | 156.00 | OK | |||
r-oldrel-windows-x86_64 | 0.3.2 | 16.00 | 122.00 | 138.00 | OK |
Version: 0.3.2
Check: data for non-ASCII characters
Result: NOTE
Note: found 6986 marked UTF-8 strings
Flavors: r-devel-linux-x86_64-fedora-clang, r-devel-linux-x86_64-fedora-gcc