Last updated on 2025-11-24 07:50:08 CET.
| Flavor | Version | Tinstall | Tcheck | Ttotal | Status | Flags |
|---|---|---|---|---|---|---|
| r-devel-linux-x86_64-debian-clang | 2.1.0 | 5.11 | 41.28 | 46.39 | NOTE | |
| r-devel-linux-x86_64-debian-gcc | 2.1.0 | 3.07 | 31.08 | 34.15 | NOTE | |
| r-devel-linux-x86_64-fedora-clang | 2.1.0 | 11.00 | 55.10 | 66.10 | OK | |
| r-devel-linux-x86_64-fedora-gcc | 2.1.0 | 11.00 | 52.39 | 63.39 | OK | |
| r-devel-windows-x86_64 | 2.1.0 | 11.00 | 55.00 | 66.00 | OK | |
| r-patched-linux-x86_64 | 2.1.0 | 4.71 | 36.85 | 41.56 | OK | |
| r-release-linux-x86_64 | 2.1.0 | 3.84 | 36.56 | 40.40 | OK | |
| r-release-macos-arm64 | 2.1.0 | OK | ||||
| r-release-macos-x86_64 | 2.1.0 | 5.00 | 41.00 | 46.00 | OK | |
| r-release-windows-x86_64 | 2.1.0 | 5.00 | 63.00 | 68.00 | OK | |
| r-oldrel-macos-arm64 | 2.1.0 | OK | ||||
| r-oldrel-macos-x86_64 | 2.1.0 | 6.00 | 52.00 | 58.00 | OK | |
| r-oldrel-windows-x86_64 | 2.1.0 | 8.00 | 65.00 | 73.00 | OK |
Version: 2.1.0
Check: CRAN incoming feasibility
Result: NOTE
Maintainer: ‘Finnbar Lee <lee.finnbar@gmail.com>’
Package CITATION file contains call(s) to old-style personList() or
as.personList(). Please use c() on person objects instead.
Package CITATION file contains call(s) to old-style citEntry(). Please
use bibentry() instead.
Flavors: r-devel-linux-x86_64-debian-clang, r-devel-linux-x86_64-debian-gcc