Last updated on 2025-06-30 15:49:45 CEST.
Flavor | Version | Tinstall | Tcheck | Ttotal | Status | Flags |
---|---|---|---|---|---|---|
r-devel-linux-x86_64-debian-clang | 1.1.0 | 5.73 | 248.62 | 254.35 | NOTE | |
r-devel-linux-x86_64-debian-gcc | 1.1.0 | 3.81 | 169.25 | 173.06 | NOTE | |
r-devel-linux-x86_64-fedora-clang | 1.1.0 | 398.23 | OK | |||
r-devel-linux-x86_64-fedora-gcc | 1.1.0 | 387.18 | OK | |||
r-devel-windows-x86_64 | 1.1.0 | 8.00 | 226.00 | 234.00 | OK | |
r-patched-linux-x86_64 | OK | |||||
r-release-linux-x86_64 | 1.1.0 | 6.30 | 235.64 | 241.94 | OK | |
r-release-macos-arm64 | 1.1.0 | 100.00 | OK | |||
r-release-macos-x86_64 | 1.1.0 | 202.00 | OK | |||
r-release-windows-x86_64 | 1.1.0 | 9.00 | 224.00 | 233.00 | OK | |
r-oldrel-macos-arm64 | 1.1.0 | 106.00 | OK | |||
r-oldrel-macos-x86_64 | 1.1.0 | 309.00 | OK | |||
r-oldrel-windows-x86_64 | 1.1.0 | 12.00 | 291.00 | 303.00 | OK |
Version: 1.1.0
Check: CRAN incoming feasibility
Result: NOTE
Maintainer: ‘Moritz Hennicke <AAoritz@posteo.de>’
The BugReports field in DESCRIPTION has
https://github.com/ropensci/nuts
which should likely be
https://github.com/ropensci/nuts/issues
instead.
Flavors: r-devel-linux-x86_64-debian-clang, r-devel-linux-x86_64-debian-gcc