Last updated on 2025-11-24 07:50:07 CET.
| Flavor | Version | Tinstall | Tcheck | Ttotal | Status | Flags |
|---|---|---|---|---|---|---|
| r-devel-linux-x86_64-debian-clang | 1.4.3 | 33.60 | 296.68 | 330.28 | ERROR | |
| r-devel-linux-x86_64-debian-gcc | 1.4.3 | 23.04 | 197.60 | 220.64 | ERROR | |
| r-devel-linux-x86_64-fedora-clang | 1.4.3 | 74.00 | 455.76 | 529.76 | ERROR | |
| r-devel-linux-x86_64-fedora-gcc | 1.4.3 | 170.00 | 380.12 | 550.12 | ERROR | |
| r-devel-windows-x86_64 | 1.4.3 | 34.00 | 241.00 | 275.00 | OK | |
| r-patched-linux-x86_64 | 1.4.3 | 35.40 | 287.31 | 322.71 | ERROR | |
| r-release-linux-x86_64 | 1.4.3 | 30.26 | 282.83 | 313.09 | ERROR | |
| r-release-macos-arm64 | 1.4.3 | OK | ||||
| r-release-macos-x86_64 | 1.4.3 | 38.00 | 218.00 | 256.00 | OK | |
| r-release-windows-x86_64 | 1.4.3 | 31.00 | 241.00 | 272.00 | ERROR | |
| r-oldrel-macos-arm64 | 1.4.3 | OK | ||||
| r-oldrel-macos-x86_64 | 1.4.3 | 26.00 | 206.00 | 232.00 | OK | |
| r-oldrel-windows-x86_64 | 1.4.3 | 43.00 | 332.00 | 375.00 | ERROR |
Version: 1.4.3
Check: tests
Result: ERROR
Running ‘testthat.R’ [13s/16s]
Running the tests in ‘tests/testthat.R’ failed.
Complete output:
> library(testthat)
> library(nodiv)
>
> test_check("nodiv")
Saving _problems/test_adding-4.R
|
| | 0%
|
|=== | 5%
|
|====== | 9%
|
|========== | 14%
|
|============= | 18%
|
|================ | 23%
|
|=================== | 27%
|
|====================== | 32%
|
|========================= | 36%
|
|============================= | 41%
|
|================================ | 45%
|
|=================================== | 50%
|
|====================================== | 55%
|
|========================================= | 59%
|
|============================================= | 64%
|
|================================================ | 68%
|
|=================================================== | 73%
|
|====================================================== | 77%
|
|========================================================= | 82%
|
|============================================================ | 86%
|
|================================================================ | 91%
|
|=================================================================== | 95%
|
|======================================================================| 100%[ FAIL 1 | WARN 0 | SKIP 0 | PASS 63 ]
══ Failed tests ════════════════════════════════════════════════════════════════
── Error ('test_adding.R:4:3'): add shape to object ────────────────────────────
Error in `expect(is.null(coquettes$shape))`: `failure_message` must be a character vector, not absent.
Backtrace:
▆
1. └─testthat::expect(failure_message = <empty>) at test_adding.R:4:3
2. └─testthat:::check_character(failure_message)
3. └─testthat:::stop_input_type(...)
4. └─rlang::abort(message, ..., call = call, arg = arg)
[ FAIL 1 | WARN 0 | SKIP 0 | PASS 63 ]
Error:
! Test failures.
Execution halted
Flavor: r-devel-linux-x86_64-debian-clang
Version: 1.4.3
Check: tests
Result: ERROR
Running ‘testthat.R’ [9s/12s]
Running the tests in ‘tests/testthat.R’ failed.
Complete output:
> library(testthat)
> library(nodiv)
>
> test_check("nodiv")
Saving _problems/test_adding-4.R
|
| | 0%
|
|=== | 5%
|
|====== | 9%
|
|========== | 14%
|
|============= | 18%
|
|================ | 23%
|
|=================== | 27%
|
|====================== | 32%
|
|========================= | 36%
|
|============================= | 41%
|
|================================ | 45%
|
|=================================== | 50%
|
|====================================== | 55%
|
|========================================= | 59%
|
|============================================= | 64%
|
|================================================ | 68%
|
|=================================================== | 73%
|
|====================================================== | 77%
|
|========================================================= | 82%
|
|============================================================ | 86%
|
|================================================================ | 91%
|
|=================================================================== | 95%
|
|======================================================================| 100%[ FAIL 1 | WARN 0 | SKIP 0 | PASS 63 ]
══ Failed tests ════════════════════════════════════════════════════════════════
── Error ('test_adding.R:4:3'): add shape to object ────────────────────────────
Error in `expect(is.null(coquettes$shape))`: `failure_message` must be a character vector, not absent.
Backtrace:
▆
1. └─testthat::expect(failure_message = <empty>) at test_adding.R:4:3
2. └─testthat:::check_character(failure_message)
3. └─testthat:::stop_input_type(...)
4. └─rlang::abort(message, ..., call = call, arg = arg)
[ FAIL 1 | WARN 0 | SKIP 0 | PASS 63 ]
Error:
! Test failures.
Execution halted
Flavor: r-devel-linux-x86_64-debian-gcc
Version: 1.4.3
Check: tests
Result: ERROR
Running ‘testthat.R’ [19s/24s]
Running the tests in ‘tests/testthat.R’ failed.
Complete output:
> library(testthat)
> library(nodiv)
>
> test_check("nodiv")
Saving _problems/test_adding-4.R
|
| | 0%
|
|=== | 5%
|
|====== | 9%
|
|========== | 14%
|
|============= | 18%
|
|================ | 23%
|
|=================== | 27%
|
|====================== | 32%
|
|========================= | 36%
|
|============================= | 41%
|
|================================ | 45%
|
|=================================== | 50%
|
|====================================== | 55%
|
|========================================= | 59%
|
|============================================= | 64%
|
|================================================ | 68%
|
|=================================================== | 73%
|
|====================================================== | 77%
|
|========================================================= | 82%
|
|============================================================ | 86%
|
|================================================================ | 91%
|
|=================================================================== | 95%
|
|======================================================================| 100%[ FAIL 1 | WARN 0 | SKIP 0 | PASS 63 ]
══ Failed tests ════════════════════════════════════════════════════════════════
── Error ('test_adding.R:4:3'): add shape to object ────────────────────────────
Error in `expect(is.null(coquettes$shape))`: `failure_message` must be a character vector, not absent.
Backtrace:
▆
1. └─testthat::expect(failure_message = <empty>) at test_adding.R:4:3
2. └─testthat:::check_character(failure_message)
3. └─testthat:::stop_input_type(...)
4. └─rlang::abort(message, ..., call = call, arg = arg)
[ FAIL 1 | WARN 0 | SKIP 0 | PASS 63 ]
Error:
! Test failures.
Execution halted
Flavor: r-devel-linux-x86_64-fedora-clang
Version: 1.4.3
Check: tests
Result: ERROR
Running ‘testthat.R’ [21s/52s]
Running the tests in ‘tests/testthat.R’ failed.
Complete output:
> library(testthat)
> library(nodiv)
>
> test_check("nodiv")
Saving _problems/test_adding-4.R
|
| | 0%
|
|=== | 5%
|
|====== | 9%
|
|========== | 14%
|
|============= | 18%
|
|================ | 23%
|
|=================== | 27%
|
|====================== | 32%
|
|========================= | 36%
|
|============================= | 41%
|
|================================ | 45%
|
|=================================== | 50%
|
|====================================== | 55%
|
|========================================= | 59%
|
|============================================= | 64%
|
|================================================ | 68%
|
|=================================================== | 73%
|
|====================================================== | 77%
|
|========================================================= | 82%
|
|============================================================ | 86%
|
|================================================================ | 91%
|
|=================================================================== | 95%
|
|======================================================================| 100%[ FAIL 1 | WARN 0 | SKIP 0 | PASS 63 ]
══ Failed tests ════════════════════════════════════════════════════════════════
── Error ('test_adding.R:4:3'): add shape to object ────────────────────────────
Error in `expect(is.null(coquettes$shape))`: `failure_message` must be a character vector, not absent.
Backtrace:
▆
1. └─testthat::expect(failure_message = <empty>) at test_adding.R:4:3
2. └─testthat:::check_character(failure_message)
3. └─testthat:::stop_input_type(...)
4. └─rlang::abort(message, ..., call = call, arg = arg)
[ FAIL 1 | WARN 0 | SKIP 0 | PASS 63 ]
Error:
! Test failures.
Execution halted
Flavor: r-devel-linux-x86_64-fedora-gcc
Version: 1.4.3
Check: tests
Result: ERROR
Running ‘testthat.R’ [12s/17s]
Running the tests in ‘tests/testthat.R’ failed.
Complete output:
> library(testthat)
> library(nodiv)
>
> test_check("nodiv")
Saving _problems/test_adding-4.R
|
| | 0%
|
|=== | 5%
|
|====== | 9%
|
|========== | 14%
|
|============= | 18%
|
|================ | 23%
|
|=================== | 27%
|
|====================== | 32%
|
|========================= | 36%
|
|============================= | 41%
|
|================================ | 45%
|
|=================================== | 50%
|
|====================================== | 55%
|
|========================================= | 59%
|
|============================================= | 64%
|
|================================================ | 68%
|
|=================================================== | 73%
|
|====================================================== | 77%
|
|========================================================= | 82%
|
|============================================================ | 86%
|
|================================================================ | 91%
|
|=================================================================== | 95%
|
|======================================================================| 100%[ FAIL 1 | WARN 0 | SKIP 0 | PASS 63 ]
══ Failed tests ════════════════════════════════════════════════════════════════
── Error ('test_adding.R:4:3'): add shape to object ────────────────────────────
Error in `expect(is.null(coquettes$shape))`: `failure_message` must be a character vector, not absent.
Backtrace:
▆
1. └─testthat::expect(failure_message = <empty>) at test_adding.R:4:3
2. └─testthat:::check_character(failure_message)
3. └─testthat:::stop_input_type(...)
4. └─rlang::abort(message, ..., call = call, arg = arg)
[ FAIL 1 | WARN 0 | SKIP 0 | PASS 63 ]
Error:
! Test failures.
Execution halted
Flavors: r-patched-linux-x86_64, r-release-linux-x86_64
Version: 1.4.3
Check: tests
Result: ERROR
Running 'testthat.R' [9s]
Running the tests in 'tests/testthat.R' failed.
Complete output:
> library(testthat)
> library(nodiv)
>
> test_check("nodiv")
Saving _problems/test_adding-4.R
|
| | 0%
|
|=== | 5%
|
|====== | 9%
|
|========== | 14%
|
|============= | 18%
|
|================ | 23%
|
|=================== | 27%
|
|====================== | 32%
|
|========================= | 36%
|
|============================= | 41%
|
|================================ | 45%
|
|=================================== | 50%
|
|====================================== | 55%
|
|========================================= | 59%
|
|============================================= | 64%
|
|================================================ | 68%
|
|=================================================== | 73%
|
|====================================================== | 77%
|
|========================================================= | 82%
|
|============================================================ | 86%
|
|================================================================ | 91%
|
|=================================================================== | 95%
|
|======================================================================| 100%[ FAIL 1 | WARN 0 | SKIP 0 | PASS 63 ]
══ Failed tests ════════════════════════════════════════════════════════════════
── Error ('test_adding.R:4:3'): add shape to object ────────────────────────────
Error in `expect(is.null(coquettes$shape))`: `failure_message` must be a character vector, not absent.
Backtrace:
▆
1. └─testthat::expect(failure_message = <empty>) at test_adding.R:4:3
2. └─testthat:::check_character(failure_message)
3. └─testthat:::stop_input_type(...)
4. └─rlang::abort(message, ..., call = call, arg = arg)
[ FAIL 1 | WARN 0 | SKIP 0 | PASS 63 ]
Error:
! Test failures.
Execution halted
Flavor: r-release-windows-x86_64
Version: 1.4.3
Check: tests
Result: ERROR
Running 'testthat.R' [13s]
Running the tests in 'tests/testthat.R' failed.
Complete output:
> library(testthat)
> library(nodiv)
>
> test_check("nodiv")
Saving _problems/test_adding-4.R
|
| | 0%
|
|=== | 5%
|
|====== | 9%
|
|========== | 14%
|
|============= | 18%
|
|================ | 23%
|
|=================== | 27%
|
|====================== | 32%
|
|========================= | 36%
|
|============================= | 41%
|
|================================ | 45%
|
|=================================== | 50%
|
|====================================== | 55%
|
|========================================= | 59%
|
|============================================= | 64%
|
|================================================ | 68%
|
|=================================================== | 73%
|
|====================================================== | 77%
|
|========================================================= | 82%
|
|============================================================ | 86%
|
|================================================================ | 91%
|
|=================================================================== | 95%
|
|======================================================================| 100%[ FAIL 1 | WARN 0 | SKIP 0 | PASS 63 ]
══ Failed tests ════════════════════════════════════════════════════════════════
── Error ('test_adding.R:4:3'): add shape to object ────────────────────────────
Error in `expect(is.null(coquettes$shape))`: `failure_message` must be a character vector, not absent.
Backtrace:
▆
1. └─testthat::expect(failure_message = <empty>) at test_adding.R:4:3
2. └─testthat:::check_character(failure_message)
3. └─testthat:::stop_input_type(...)
4. └─rlang::abort(message, ..., call = call, arg = arg)
[ FAIL 1 | WARN 0 | SKIP 0 | PASS 63 ]
Error:
! Test failures.
Execution halted
Flavor: r-oldrel-windows-x86_64