Last updated on 2025-11-04 07:50:01 CET.
| Flavor | Version | Tinstall | Tcheck | Ttotal | Status | Flags | 
|---|---|---|---|---|---|---|
| r-devel-linux-x86_64-debian-clang | 0.1.2 | 14.40 | 153.77 | 168.17 | NOTE | |
| r-devel-linux-x86_64-debian-gcc | 0.1.2 | 11.56 | 109.16 | 120.72 | NOTE | |
| r-devel-linux-x86_64-fedora-clang | 0.1.2 | 63.00 | 217.93 | 280.93 | OK | |
| r-devel-linux-x86_64-fedora-gcc | 0.1.2 | 32.00 | 222.30 | 254.30 | OK | |
| r-devel-windows-x86_64 | 0.1.2 | 16.00 | 169.00 | 185.00 | OK | |
| r-patched-linux-x86_64 | 0.1.2 | 21.59 | 146.85 | 168.44 | OK | |
| r-release-linux-x86_64 | 0.1.2 | 15.21 | 150.10 | 165.31 | OK | |
| r-release-macos-arm64 | 0.1.2 | 13.00 | 93.00 | 106.00 | OK | |
| r-release-macos-x86_64 | 0.1.2 | 14.00 | 116.00 | 130.00 | OK | |
| r-release-windows-x86_64 | 0.1.2 | 16.00 | 172.00 | 188.00 | OK | |
| r-oldrel-macos-arm64 | 0.1.2 | 15.00 | 96.00 | 111.00 | OK | |
| r-oldrel-macos-x86_64 | 0.1.2 | 12.00 | 87.00 | 99.00 | OK | |
| r-oldrel-windows-x86_64 | 0.1.2 | 24.00 | 195.00 | 219.00 | OK | 
Version: 0.1.2
Check: CRAN incoming feasibility
Result: NOTE
  Maintainer: ‘Elvan Ceyhan <elvanceyhan@gmail.com>’
  
  No Authors@R field in DESCRIPTION.
  Please add one, modifying
    Authors@R: person(given = "Elvan",
                      family = "Ceyhan",
                      role = c("aut", "cre"),
                      email = "elvanceyhan@gmail.com")
  as necessary.
Flavors: r-devel-linux-x86_64-debian-clang, r-devel-linux-x86_64-debian-gcc