Last updated on 2024-07-27 15:50:27 CEST.
Flavor | Version | Tinstall | Tcheck | Ttotal | Status | Flags |
---|---|---|---|---|---|---|
r-devel-linux-x86_64-debian-clang | 1.9.7 | 22.59 | 489.05 | 511.64 | OK | |
r-devel-linux-x86_64-debian-gcc | 1.9.7 | NOTE | ||||
r-devel-linux-x86_64-fedora-clang | 1.9.7 | 667.24 | OK | |||
r-devel-linux-x86_64-fedora-gcc | 1.9.7 | 658.76 | OK | |||
r-devel-windows-x86_64 | 1.9.7 | 19.00 | 373.00 | 392.00 | NOTE | |
r-patched-linux-x86_64 | 1.9.7 | OK | ||||
r-release-linux-x86_64 | 1.9.7 | 18.50 | 462.58 | 481.08 | OK | |
r-release-macos-arm64 | 1.9.7 | 158.00 | OK | |||
r-release-macos-x86_64 | 1.9.7 | 258.00 | OK | |||
r-release-windows-x86_64 | 1.9.7 | 18.00 | 338.00 | 356.00 | OK | |
r-oldrel-macos-arm64 | 1.9.7 | 166.00 | OK | |||
r-oldrel-macos-x86_64 | 1.9.7 | 362.00 | OK | |||
r-oldrel-windows-x86_64 | 1.9.7 | 25.00 | 436.00 | 461.00 | OK |
Version: 1.9.7
Check: Rd cross-references
Result: NOTE
Found the following Rd file(s) with Rd \link{} targets missing package
anchors:
nlsLMList.formula.Rd: nlsList
predict_nlme.Rd: predict.nlme, predict.lme, predict.gnls
Please provide package anchors for all Rd \link{} targets not in the
package itself and the base packages.
Flavors: r-devel-linux-x86_64-debian-gcc, r-devel-windows-x86_64