Last updated on 2024-05-07 13:51:56 CEST.
Flavor | Version | Tinstall | Tcheck | Ttotal | Status | Flags |
---|---|---|---|---|---|---|
r-devel-linux-x86_64-debian-clang | 2.0.48 | 16.57 | 136.77 | 153.34 | OK | |
r-devel-linux-x86_64-debian-gcc | 2.0.48 | 11.44 | 98.95 | 110.39 | OK | |
r-devel-linux-x86_64-fedora-clang | 2.0.48 | 190.32 | NOTE | |||
r-devel-linux-x86_64-fedora-gcc | 2.0.48 | 252.29 | NOTE | |||
r-devel-windows-x86_64 | 2.0.48 | 14.00 | 124.00 | 138.00 | OK | |
r-patched-linux-x86_64 | 2.0.48 | 21.06 | 128.42 | 149.48 | OK | |
r-release-linux-x86_64 | 2.0.48 | 10.04 | 125.10 | 135.14 | OK | |
r-release-macos-arm64 | 2.0.48 | 56.00 | OK | |||
r-release-windows-x86_64 | 2.0.48 | 14.00 | 121.00 | 135.00 | OK | |
r-oldrel-macos-arm64 | 2.0.48 | 67.00 | OK | |||
r-oldrel-macos-x86_64 | 2.0.48 | 98.00 | OK | |||
r-oldrel-windows-x86_64 | 2.0.48 | 19.00 | 146.00 | 165.00 | OK |
Version: 2.0.48
Check: data for non-ASCII characters
Result: NOTE
Note: found 21 marked UTF-8 strings
Flavors: r-devel-linux-x86_64-fedora-clang, r-devel-linux-x86_64-fedora-gcc