CRAN Package Check Results for Package nesRdata

Last updated on 2025-06-30 15:49:45 CEST.

Flavor Version Tinstall Tcheck Ttotal Status Flags
r-devel-linux-x86_64-debian-clang 0.3.1 7.04 62.29 69.33 NOTE
r-devel-linux-x86_64-debian-gcc 0.3.1 5.73 45.30 51.03 NOTE
r-devel-linux-x86_64-fedora-clang 0.3.1 106.24 OK
r-devel-linux-x86_64-fedora-gcc 0.3.1 99.93 OK
r-devel-windows-x86_64 0.3.1 9.00 76.00 85.00 OK
r-patched-linux-x86_64 OK
r-release-linux-x86_64 0.3.1 7.51 57.63 65.14 OK
r-release-macos-arm64 0.3.1 54.00 OK
r-release-macos-x86_64 0.3.1 58.00 OK
r-release-windows-x86_64 0.3.1 12.00 74.00 86.00 OK
r-oldrel-macos-arm64 0.3.1 34.00 OK
r-oldrel-macos-x86_64 0.3.1 47.00 OK
r-oldrel-windows-x86_64 0.3.1 11.00 87.00 98.00 OK

Check Details

Version: 0.3.1
Check: CRAN incoming feasibility
Result: NOTE Maintainer: ‘Joseph Stachelek <stachel2@msu.edu>’ Package CITATION file contains call(s) to old-style personList() or as.personList(). Please use c() on person objects instead. Package CITATION file contains call(s) to old-style citEntry(). Please use bibentry() instead. Flavors: r-devel-linux-x86_64-debian-clang, r-devel-linux-x86_64-debian-gcc