Last updated on 2025-11-04 07:50:00 CET.
| Flavor | Version | Tinstall | Tcheck | Ttotal | Status | Flags | 
|---|---|---|---|---|---|---|
| r-devel-linux-x86_64-debian-clang | 0.1.1 | 5.04 | 53.05 | 58.09 | NOTE | |
| r-devel-linux-x86_64-debian-gcc | 0.1.1 | 3.49 | 37.26 | 40.75 | NOTE | |
| r-devel-linux-x86_64-fedora-clang | 0.1.1 | 12.00 | 74.14 | 86.14 | OK | |
| r-devel-linux-x86_64-fedora-gcc | 0.1.1 | 80.24 | OK | |||
| r-devel-windows-x86_64 | 0.1.1 | 8.00 | 62.00 | 70.00 | OK | |
| r-patched-linux-x86_64 | 0.1.1 | 5.01 | 52.26 | 57.27 | OK | |
| r-release-linux-x86_64 | 0.1.1 | 5.27 | 51.55 | 56.82 | OK | |
| r-release-macos-arm64 | 0.1.1 | 3.00 | 24.00 | 27.00 | OK | |
| r-release-macos-x86_64 | 0.1.1 | 7.00 | 47.00 | 54.00 | OK | |
| r-release-windows-x86_64 | 0.1.1 | 8.00 | 61.00 | 69.00 | OK | |
| r-oldrel-macos-arm64 | 0.1.1 | 2.00 | 25.00 | 27.00 | OK | |
| r-oldrel-macos-x86_64 | 0.1.1 | 4.00 | 35.00 | 39.00 | OK | |
| r-oldrel-windows-x86_64 | 0.1.1 | 10.00 | 76.00 | 86.00 | OK | 
Version: 0.1.1
Check: CRAN incoming feasibility
Result: NOTE
  Maintainer: ‘Alexander Volkmann <alexandervolkmann8@gmail.com>’
  
  The Description field contains
    (multiFAMM), see Volkmann et al. (2021, <arXiv:2103.06606>). It builds
  Please refer to arXiv e-prints via their arXiv DOI <doi:10.48550/arXiv.YYMM.NNNNN>.
Flavors: r-devel-linux-x86_64-debian-clang, r-devel-linux-x86_64-debian-gcc