Last updated on 2024-05-12 13:56:55 CEST.
Flavor | Version | Tinstall | Tcheck | Ttotal | Status | Flags |
---|---|---|---|---|---|---|
r-devel-linux-x86_64-debian-clang | 0.1.0 | 3.15 | 51.32 | 54.47 | OK | |
r-devel-linux-x86_64-debian-gcc | 0.1.0 | 2.14 | 39.68 | 41.82 | OK | |
r-devel-linux-x86_64-fedora-clang | 0.1.0 | 69.37 | NOTE | |||
r-devel-linux-x86_64-fedora-gcc | 0.1.0 | 86.13 | NOTE | |||
r-devel-windows-x86_64 | 0.1.0 | 4.00 | 65.00 | 69.00 | OK | |
r-patched-linux-x86_64 | 0.1.0 | 3.18 | 49.89 | 53.07 | OK | |
r-release-linux-x86_64 | 0.1.0 | 1.80 | 49.32 | 51.12 | OK | |
r-release-macos-arm64 | 0.1.0 | 31.00 | OK | |||
r-release-windows-x86_64 | 0.1.0 | 5.00 | 65.00 | 70.00 | OK | |
r-oldrel-macos-arm64 | 0.1.0 | 85.00 | OK | |||
r-oldrel-macos-x86_64 | 0.1.0 | 45.00 | OK | |||
r-oldrel-windows-x86_64 | 0.1.0 | 5.00 | 65.00 | 70.00 | OK |
Version: 0.1.0
Check: dependencies in R code
Result: NOTE
Namespace in Imports field not imported from: ‘tidyselect’
All declared Imports should be used.
Flavors: r-devel-linux-x86_64-fedora-clang, r-devel-linux-x86_64-fedora-gcc