CRAN Package Check Results for Package msgr

Last updated on 2025-06-30 15:49:44 CEST.

Flavor Version Tinstall Tcheck Ttotal Status Flags
r-devel-linux-x86_64-debian-clang 1.1.2 3.25 32.53 35.78 OK
r-devel-linux-x86_64-debian-gcc 1.1.2 2.11 24.96 27.07 OK
r-devel-linux-x86_64-fedora-clang 1.1.2 52.70 OK
r-devel-linux-x86_64-fedora-gcc 1.1.2 50.69 OK
r-devel-windows-x86_64 1.1.2 5.00 54.00 59.00 OK
r-patched-linux-x86_64 OK
r-release-linux-x86_64 1.1.2 2.87 29.57 32.44 OK
r-release-macos-arm64 1.1.2 24.00 OK
r-release-macos-x86_64 1.1.2 36.00 OK
r-release-windows-x86_64 1.1.2 5.00 54.00 59.00 OK
r-oldrel-macos-arm64 1.1.2 20.00 NOTE
r-oldrel-macos-x86_64 1.1.2 29.00 NOTE
r-oldrel-windows-x86_64 1.1.2 7.00 62.00 69.00 NOTE

Check Details

Version: 1.1.2
Check: LazyData
Result: NOTE 'LazyData' is specified without a 'data' directory Flavors: r-oldrel-macos-arm64, r-oldrel-macos-x86_64, r-oldrel-windows-x86_64