Last updated on 2025-11-24 07:50:07 CET.
| Flavor | Version | Tinstall | Tcheck | Ttotal | Status | Flags |
|---|---|---|---|---|---|---|
| r-devel-linux-x86_64-debian-clang | 1.0.5 | 29.79 | 133.29 | 163.08 | OK | |
| r-devel-linux-x86_64-debian-gcc | 1.0.5 | 23.81 | 100.63 | 124.44 | OK | |
| r-devel-linux-x86_64-fedora-clang | 1.0.5 | 53.00 | 199.12 | 252.12 | OK | |
| r-devel-linux-x86_64-fedora-gcc | 1.0.5 | 78.00 | 229.18 | 307.18 | OK | |
| r-devel-windows-x86_64 | 1.0.5 | 35.00 | 173.00 | 208.00 | OK | |
| r-patched-linux-x86_64 | 1.0.5 | 32.49 | 138.22 | 170.71 | OK | |
| r-release-linux-x86_64 | 1.0.5 | 31.56 | 137.93 | 169.49 | OK | |
| r-release-macos-arm64 | 1.0.5 | OK | ||||
| r-release-macos-x86_64 | 1.0.5 | 36.00 | 179.00 | 215.00 | OK | |
| r-release-windows-x86_64 | 1.0.5 | 33.00 | 175.00 | 208.00 | OK | |
| r-oldrel-macos-arm64 | 1.0.5 | NOTE | ||||
| r-oldrel-macos-x86_64 | 1.0.5 | 26.00 | 136.00 | 162.00 | NOTE | |
| r-oldrel-windows-x86_64 | 1.0.5 | 32.00 | 210.00 | 242.00 | OK |
Version: 1.0.5
Check: installed package size
Result: NOTE
installed size is 6.5Mb
sub-directories of 1Mb or more:
libs 5.9Mb
Flavors: r-oldrel-macos-arm64, r-oldrel-macos-x86_64