Last updated on 2025-11-25 07:50:03 CET.
| Flavor | Version | Tinstall | Tcheck | Ttotal | Status | Flags |
|---|---|---|---|---|---|---|
| r-devel-linux-x86_64-debian-clang | 1.0.6 | 7.57 | 59.46 | 67.03 | NOTE | |
| r-devel-linux-x86_64-debian-gcc | 1.0.6 | 5.34 | 45.39 | 50.73 | NOTE | |
| r-devel-linux-x86_64-fedora-clang | 1.0.6 | 13.00 | 88.38 | 101.38 | OK | |
| r-devel-linux-x86_64-fedora-gcc | 1.0.6 | 16.00 | 81.06 | 97.06 | OK | |
| r-devel-windows-x86_64 | 1.0.6 | 10.00 | 70.00 | 80.00 | OK | |
| r-patched-linux-x86_64 | 1.0.6 | 5.96 | 56.64 | 62.60 | OK | |
| r-release-linux-x86_64 | 1.0.6 | 7.33 | 56.41 | 63.74 | OK | |
| r-release-macos-arm64 | 1.0.6 | OK | ||||
| r-release-macos-x86_64 | 1.0.6 | 6.00 | 47.00 | 53.00 | OK | |
| r-release-windows-x86_64 | 1.0.6 | 8.00 | 82.00 | 90.00 | OK | |
| r-oldrel-macos-arm64 | 1.0.6 | OK | ||||
| r-oldrel-macos-x86_64 | 1.0.6 | 6.00 | 43.00 | 49.00 | OK | |
| r-oldrel-windows-x86_64 | 1.0.6 | 11.00 | 81.00 | 92.00 | OK |
Version: 1.0.6
Check: CRAN incoming feasibility
Result: NOTE
Maintainer: ‘Kevin Burke <kevin.burke@ul.ie>’
No Authors@R field in DESCRIPTION.
Please add one, modifying
Authors@R: person(given = "Kevin",
family = "Burke",
role = c("aut", "cre"),
email = "kevin.burke@ul.ie")
as necessary.
Flavors: r-devel-linux-x86_64-debian-clang, r-devel-linux-x86_64-debian-gcc