CRAN Package Check Results for Package move

Last updated on 2025-06-30 15:49:44 CEST.

Flavor Version Tinstall Tcheck Ttotal Status Flags
r-devel-linux-x86_64-debian-clang 4.2.6 55.26 440.66 495.92 OK
r-devel-linux-x86_64-debian-gcc 4.2.6 36.85 287.60 324.45 OK
r-devel-linux-x86_64-fedora-clang 4.2.6 891.67 OK
r-devel-linux-x86_64-fedora-gcc 4.2.6 799.55 OK
r-devel-windows-x86_64 4.2.6 60.00 426.00 486.00 OK
r-patched-linux-x86_64 OK
r-release-linux-x86_64 4.2.6 57.40 424.68 482.08 OK
r-release-macos-arm64 4.2.6 220.00 OK
r-release-macos-x86_64 4.2.6 452.00 OK
r-release-windows-x86_64 4.2.6 58.00 417.00 475.00 OK
r-oldrel-macos-arm64 4.2.6 177.00 NOTE
r-oldrel-macos-x86_64 4.2.6 349.00 NOTE
r-oldrel-windows-x86_64 4.2.6 81.00 571.00 652.00 OK

Check Details

Version: 4.2.6
Check: installed package size
Result: NOTE installed size is 5.4Mb sub-directories of 1Mb or more: R 2.0Mb Flavors: r-oldrel-macos-arm64, r-oldrel-macos-x86_64