Last updated on 2025-06-30 15:49:44 CEST.
Flavor | Version | Tinstall | Tcheck | Ttotal | Status | Flags |
---|---|---|---|---|---|---|
r-devel-linux-x86_64-debian-clang | 1.9.1 | 25.83 | 353.57 | 379.40 | NOTE | |
r-devel-linux-x86_64-debian-gcc | 1.9.1 | 18.55 | 227.86 | 246.41 | NOTE | |
r-devel-linux-x86_64-fedora-clang | 1.9.1 | 596.96 | OK | |||
r-devel-linux-x86_64-fedora-gcc | 1.9.1 | 593.19 | OK | |||
r-devel-windows-x86_64 | 1.9.1 | 29.00 | 349.00 | 378.00 | NOTE | |
r-patched-linux-x86_64 | NOTE | |||||
r-release-linux-x86_64 | 1.9.1 | 23.17 | 337.21 | 360.38 | NOTE | |
r-release-macos-arm64 | 1.9.1 | 152.00 | OK | |||
r-release-macos-x86_64 | 1.9.1 | 317.00 | OK | |||
r-release-windows-x86_64 | 1.9.1 | 26.00 | 359.00 | 385.00 | NOTE | |
r-oldrel-macos-arm64 | 1.9.1 | 149.00 | OK | |||
r-oldrel-macos-x86_64 | 1.9.1 | 331.00 | OK | |||
r-oldrel-windows-x86_64 | 1.9.1 | 37.00 | 477.00 | 514.00 | OK |
Version: 1.9.1
Check: Rd cross-references
Result: NOTE
Found the following Rd file(s) with Rd \link{} targets missing package
anchors:
chisq.Rd: after_stat
freqpolygon.Rd: densityplot
plotCumfreq.Rd: densityplot
plotModel.Rd: xyplot
themes.Rd: trellis.par.set, show.settings
xpnorm.Rd: qqmath
Please provide package anchors for all Rd \link{} targets not in the
package itself and the base packages.
Flavors: r-devel-linux-x86_64-debian-clang, r-devel-linux-x86_64-debian-gcc, r-devel-windows-x86_64, r-patched-linux-x86_64, r-release-linux-x86_64, r-release-windows-x86_64