CRAN Package Check Results for Package moonBook

Last updated on 2025-06-30 15:49:44 CEST.

Flavor Version Tinstall Tcheck Ttotal Status Flags
r-devel-linux-x86_64-debian-clang 0.3.1 6.26 71.60 77.86 NOTE
r-devel-linux-x86_64-debian-gcc 0.3.1 4.61 52.00 56.61 NOTE
r-devel-linux-x86_64-fedora-clang 0.3.1 116.99 OK
r-devel-linux-x86_64-fedora-gcc 0.3.1 125.80 OK
r-devel-windows-x86_64 0.3.1 8.00 95.00 103.00 OK
r-patched-linux-x86_64 OK
r-release-linux-x86_64 0.3.1 5.50 65.92 71.42 OK
r-release-macos-arm64 0.3.1 75.00 OK
r-release-macos-x86_64 0.3.1 75.00 OK
r-release-windows-x86_64 0.3.1 8.00 92.00 100.00 OK
r-oldrel-macos-arm64 0.3.1 38.00 OK
r-oldrel-macos-x86_64 0.3.1 62.00 OK
r-oldrel-windows-x86_64 0.3.1 11.00 113.00 124.00 OK

Check Details

Version: 0.3.1
Check: CRAN incoming feasibility
Result: NOTE Maintainer: ‘Keon-Woong Moon <cardiomoon@gmail.com>’ Package CITATION file contains call(s) to old-style citEntry(). Please use bibentry() instead. Flavors: r-devel-linux-x86_64-debian-clang, r-devel-linux-x86_64-debian-gcc