Last updated on 2025-11-04 07:50:00 CET.
| Flavor | Version | Tinstall | Tcheck | Ttotal | Status | Flags | 
|---|---|---|---|---|---|---|
| r-devel-linux-x86_64-debian-clang | 1.0 | 4.46 | 33.85 | 38.31 | NOTE | |
| r-devel-linux-x86_64-debian-gcc | 1.0 | 3.44 | 25.36 | 28.80 | NOTE | |
| r-devel-linux-x86_64-fedora-clang | 1.0 | 13.00 | 45.35 | 58.35 | OK | |
| r-devel-linux-x86_64-fedora-gcc | 1.0 | 11.00 | 43.39 | 54.39 | OK | |
| r-devel-windows-x86_64 | 1.0 | 5.00 | 53.00 | 58.00 | OK | |
| r-patched-linux-x86_64 | 1.0 | 5.36 | 32.05 | 37.41 | OK | |
| r-release-linux-x86_64 | 1.0 | 4.70 | 31.67 | 36.37 | OK | |
| r-release-macos-arm64 | 1.0 | 3.00 | 19.00 | 22.00 | OK | |
| r-release-macos-x86_64 | 1.0 | 4.00 | 30.00 | 34.00 | OK | |
| r-release-windows-x86_64 | 1.0 | 6.00 | 52.00 | 58.00 | OK | |
| r-oldrel-macos-arm64 | 1.0 | 2.00 | 15.00 | 17.00 | OK | |
| r-oldrel-macos-x86_64 | 1.0 | 4.00 | 25.00 | 29.00 | OK | |
| r-oldrel-windows-x86_64 | 1.0 | 6.00 | 62.00 | 68.00 | OK | 
Version: 1.0
Check: CRAN incoming feasibility
Result: NOTE
  Maintainer: ‘Dan Murphy <chiefmurphy@gmail.com>’
  
  No Authors@R field in DESCRIPTION.
  Please add one, modifying
    Authors@R: person(given = "Dan",
                      family = "Murphy",
                      role = c("aut", "cre"),
                      email = "chiefmurphy@gmail.com")
  as necessary.
Flavors: r-devel-linux-x86_64-debian-clang, r-devel-linux-x86_64-debian-gcc