Last updated on 2025-02-21 13:50:56 CET.
Flavor | Version | Tinstall | Tcheck | Ttotal | Status | Flags |
---|---|---|---|---|---|---|
r-devel-linux-x86_64-debian-clang | 4.2.0 | 14.73 | 78.81 | 93.54 | NOTE | |
r-devel-linux-x86_64-debian-gcc | 4.2.0 | 9.30 | 52.79 | 62.09 | NOTE | |
r-devel-linux-x86_64-fedora-clang | 4.2.0 | 148.56 | NOTE | |||
r-devel-linux-x86_64-fedora-gcc | 4.2.0 | 139.46 | NOTE | |||
r-devel-macos-arm64 | 4.2.0 | 37.00 | NOTE | |||
r-devel-macos-x86_64 | 4.2.0 | 84.00 | NOTE | |||
r-devel-windows-x86_64 | 4.2.0 | 17.00 | 89.00 | 106.00 | NOTE | |
r-patched-linux-x86_64 | 4.2.0 | 13.99 | 72.27 | 86.26 | NOTE | |
r-release-linux-x86_64 | 4.2.0 | 13.37 | 74.47 | 87.84 | NOTE | |
r-release-macos-arm64 | 4.2.0 | 38.00 | NOTE | |||
r-release-macos-x86_64 | 4.2.0 | 65.00 | NOTE | |||
r-release-windows-x86_64 | 4.2.0 | 16.00 | 84.00 | 100.00 | NOTE | |
r-oldrel-macos-arm64 | 4.2.0 | 40.00 | OK | |||
r-oldrel-macos-x86_64 | 4.2.0 | 64.00 | OK | |||
r-oldrel-windows-x86_64 | 4.2.0 | 21.00 | 132.00 | 153.00 | OK |
Version: 4.2.0
Check: Rd files
Result: NOTE
checkRd: (-1) simpopmlx.Rd:21: Lost braces; missing escapes or markup?
21 | \item{fim}{the Fisher Information Matrix estimated by Monolix. fim={"sa", "lin"} (default="sa")}
| ^
Flavors: r-devel-linux-x86_64-debian-clang, r-devel-linux-x86_64-debian-gcc, r-devel-linux-x86_64-fedora-clang, r-devel-linux-x86_64-fedora-gcc, r-devel-macos-arm64, r-devel-macos-x86_64, r-devel-windows-x86_64, r-patched-linux-x86_64, r-release-linux-x86_64, r-release-macos-arm64, r-release-macos-x86_64, r-release-windows-x86_64