Last updated on 2025-06-30 15:49:44 CEST.
Flavor | Version | Tinstall | Tcheck | Ttotal | Status | Flags |
---|---|---|---|---|---|---|
r-devel-linux-x86_64-debian-clang | 1.0.0 | 797.48 | 194.54 | 992.02 | OK | |
r-devel-linux-x86_64-debian-gcc | 1.0.0 | 686.78 | 182.66 | 869.44 | OK | |
r-devel-linux-x86_64-fedora-clang | 1.0.0 | 1391.49 | OK | |||
r-devel-linux-x86_64-fedora-gcc | 1.0.0 | 1382.54 | OK | |||
r-devel-windows-x86_64 | 1.0.0 | 746.00 | 268.00 | 1014.00 | OK | |
r-patched-linux-x86_64 | OK | |||||
r-release-linux-x86_64 | 1.0.0 | 844.96 | 246.87 | 1091.83 | OK | |
r-release-macos-arm64 | 1.0.0 | 383.00 | OK | |||
r-release-macos-x86_64 | 1.0.0 | 523.00 | OK | |||
r-release-windows-x86_64 | 1.0.0 | 738.00 | 260.00 | 998.00 | OK | |
r-oldrel-macos-arm64 | 1.0.0 | 204.00 | NOTE | |||
r-oldrel-macos-x86_64 | 1.0.0 | 207.00 | NOTE | |||
r-oldrel-windows-x86_64 | 1.0.0 | 857.00 | 339.00 | 1196.00 | NOTE |
Version: 1.0.0
Check: installed package size
Result: NOTE
installed size is 134.8Mb
sub-directories of 1Mb or more:
doc 1.2Mb
libs 132.7Mb
Flavors: r-oldrel-macos-arm64, r-oldrel-macos-x86_64, r-oldrel-windows-x86_64
Version: 1.0.0
Check: for GNU extensions in Makefiles
Result: NOTE
GNU make is a SystemRequirements.
Flavors: r-oldrel-macos-arm64, r-oldrel-macos-x86_64, r-oldrel-windows-x86_64