Last updated on 2024-07-27 15:50:26 CEST.
Flavor | Version | Tinstall | Tcheck | Ttotal | Status | Flags |
---|---|---|---|---|---|---|
r-devel-linux-x86_64-debian-clang | 0.2.0 | 22.22 | 136.84 | 159.06 | OK | |
r-devel-linux-x86_64-debian-gcc | 0.2.0 | OK | ||||
r-devel-linux-x86_64-fedora-clang | 0.2.0 | 201.77 | OK | |||
r-devel-linux-x86_64-fedora-gcc | 0.2.0 | 189.32 | OK | |||
r-devel-windows-x86_64 | 0.2.0 | 15.00 | 113.00 | 128.00 | OK | |
r-patched-linux-x86_64 | 0.2.0 | OK | ||||
r-release-linux-x86_64 | 0.1.2 | 15.42 | 126.81 | 142.23 | OK | |
r-release-macos-arm64 | 0.2.0 | 56.00 | OK | |||
r-release-macos-x86_64 | 0.2.0 | 149.00 | OK | |||
r-release-windows-x86_64 | 0.2.0 | 18.00 | 118.00 | 136.00 | OK | |
r-oldrel-macos-arm64 | 0.2.0 | 62.00 | ERROR | |||
r-oldrel-macos-x86_64 | 0.2.0 | 131.00 | ERROR | |||
r-oldrel-windows-x86_64 | 0.2.0 | 20.00 | 148.00 | 168.00 | OK |
Version: 0.2.0
Check: tests
Result: ERROR
Running ‘testthat.R’ [6s/7s]
Running the tests in ‘tests/testthat.R’ failed.
Last 13 lines of output:
══ Failed tests ════════════════════════════════════════════════════════════════
── Error ('test_PipeOpScaleRange.R:14:3'): PipeOpScaleRange works ──────────────
Error in ``$.R6`(task_scale, n_features)`: R6 class TaskRegr/TaskSupervised/Task/R6 does not have slot 'n_features'!
Backtrace:
▆
1. ├─testthat::expect_identical(task_scale$n_features, task$n_features) at test_PipeOpScaleRange.R:14:3
2. │ └─testthat::quasi_label(enquo(object), label, arg = "object")
3. │ └─rlang::eval_bare(expr, quo_get_env(quo))
4. ├─task_scale$n_features
5. └─global `$.R6`(task_scale, n_features)
[ FAIL 1 | WARN 0 | SKIP 0 | PASS 580 ]
Error: Test failures
Execution halted
Flavor: r-oldrel-macos-arm64
Version: 0.2.0
Check: tests
Result: ERROR
Running ‘testthat.R’ [11s/16s]
Running the tests in ‘tests/testthat.R’ failed.
Last 13 lines of output:
══ Failed tests ════════════════════════════════════════════════════════════════
── Error ('test_PipeOpScaleRange.R:14:3'): PipeOpScaleRange works ──────────────
Error in ``$.R6`(task_scale, n_features)`: R6 class TaskRegr/TaskSupervised/Task/R6 does not have slot 'n_features'!
Backtrace:
▆
1. ├─testthat::expect_identical(task_scale$n_features, task$n_features) at test_PipeOpScaleRange.R:14:3
2. │ └─testthat::quasi_label(enquo(object), label, arg = "object")
3. │ └─rlang::eval_bare(expr, quo_get_env(quo))
4. ├─task_scale$n_features
5. └─global `$.R6`(task_scale, n_features)
[ FAIL 1 | WARN 0 | SKIP 0 | PASS 580 ]
Error: Test failures
Execution halted
Flavor: r-oldrel-macos-x86_64