Last updated on 2025-11-25 07:50:02 CET.
| Flavor | Version | Tinstall | Tcheck | Ttotal | Status | Flags |
|---|---|---|---|---|---|---|
| r-devel-linux-x86_64-debian-clang | 0.1.1 | 10.21 | 55.20 | 65.41 | NOTE | |
| r-devel-linux-x86_64-debian-gcc | 0.1.1 | 7.62 | 42.86 | 50.48 | NOTE | |
| r-devel-linux-x86_64-fedora-clang | 0.1.1 | 20.00 | 77.76 | 97.76 | OK | |
| r-devel-linux-x86_64-fedora-gcc | 0.1.1 | 20.00 | 91.49 | 111.49 | OK | |
| r-devel-windows-x86_64 | 0.1.1 | 11.00 | 64.00 | 75.00 | OK | |
| r-patched-linux-x86_64 | 0.1.1 | 10.68 | 52.95 | 63.63 | OK | |
| r-release-linux-x86_64 | 0.1.1 | 9.40 | 50.33 | 59.73 | OK | |
| r-release-macos-arm64 | 0.1.1 | OK | ||||
| r-release-macos-x86_64 | 0.1.1 | 13.00 | 69.00 | 82.00 | OK | |
| r-release-windows-x86_64 | 0.1.1 | 9.00 | 71.00 | 80.00 | OK | |
| r-oldrel-macos-arm64 | 0.1.1 | OK | ||||
| r-oldrel-macos-x86_64 | 0.1.1 | 11.00 | 50.00 | 61.00 | OK | |
| r-oldrel-windows-x86_64 | 0.1.1 | 14.00 | 80.00 | 94.00 | OK |
Version: 0.1.1
Check: CRAN incoming feasibility
Result: NOTE
Maintainer: ‘Dmitriy Selivanov <selivanov.dmitriy@gmail.com>’
No Authors@R field in DESCRIPTION.
Please add one, modifying
Authors@R: person(given = "Dmitriy",
family = "Selivanov",
role = c("aut", "cre"),
email = "selivanov.dmitriy@gmail.com")
as necessary.
Flavors: r-devel-linux-x86_64-debian-clang, r-devel-linux-x86_64-debian-gcc