Last updated on 2025-02-21 13:50:56 CET.
Flavor | Version | Tinstall | Tcheck | Ttotal | Status | Flags |
---|---|---|---|---|---|---|
r-devel-linux-x86_64-debian-clang | 1.2.7.1 | 8.40 | 38.75 | 47.15 | NOTE | |
r-devel-linux-x86_64-debian-gcc | 1.2.7.1 | 4.19 | 27.27 | 31.46 | NOTE | |
r-devel-linux-x86_64-fedora-clang | 1.2.7.1 | 73.89 | NOTE | |||
r-devel-linux-x86_64-fedora-gcc | 1.2.7.1 | 69.87 | NOTE | |||
r-devel-macos-arm64 | 1.2.7.1 | 28.00 | NOTE | |||
r-devel-macos-x86_64 | 1.2.7.1 | 51.00 | NOTE | |||
r-devel-windows-x86_64 | 1.2.7.1 | 11.00 | 61.00 | 72.00 | NOTE | |
r-patched-linux-x86_64 | 1.2.7.1 | 7.37 | 37.11 | 44.48 | NOTE | |
r-release-linux-x86_64 | 1.2.7.1 | 7.04 | 38.81 | 45.85 | NOTE | |
r-release-macos-arm64 | 1.2.7.1 | 25.00 | NOTE | |||
r-release-macos-x86_64 | 1.2.7.1 | 47.00 | NOTE | |||
r-release-windows-x86_64 | 1.2.7.1 | 12.00 | 61.00 | 73.00 | NOTE | |
r-oldrel-macos-arm64 | 1.2.7.1 | 27.00 | NOTE | |||
r-oldrel-macos-x86_64 | 1.2.7.1 | 49.00 | NOTE | |||
r-oldrel-windows-x86_64 | 1.2.7.1 | 13.00 | 63.00 | 76.00 | NOTE |
Version: 1.2.7.1
Check: Rd files
Result: NOTE
checkRd: (-1) SLD.Rd:20: Escaped LaTeX specials: \&
Flavors: r-devel-linux-x86_64-debian-clang, r-devel-linux-x86_64-debian-gcc, r-devel-linux-x86_64-fedora-clang, r-devel-linux-x86_64-fedora-gcc, r-devel-macos-arm64, r-devel-macos-x86_64, r-devel-windows-x86_64, r-patched-linux-x86_64, r-release-linux-x86_64, r-release-macos-arm64, r-release-macos-x86_64, r-release-windows-x86_64, r-oldrel-macos-arm64, r-oldrel-macos-x86_64, r-oldrel-windows-x86_64