CRAN Package Check Results for Package mixedLSR

Last updated on 2025-06-30 15:49:44 CEST.

Flavor Version Tinstall Tcheck Ttotal Status Flags
r-devel-linux-x86_64-debian-clang 0.1.0 10.67 214.09 224.76 NOTE
r-devel-linux-x86_64-debian-gcc 0.1.0 7.24 158.16 165.40 NOTE
r-devel-linux-x86_64-fedora-clang 0.1.0 331.78 OK
r-devel-linux-x86_64-fedora-gcc 0.1.0 365.97 OK
r-devel-windows-x86_64 0.1.0 10.00 219.00 229.00 OK
r-patched-linux-x86_64 OK
r-release-linux-x86_64 0.1.0 8.10 218.48 226.58 OK
r-release-macos-arm64 0.1.0 111.00 OK
r-release-macos-x86_64 0.1.0 215.00 OK
r-release-windows-x86_64 0.1.0 11.00 216.00 227.00 OK
r-oldrel-macos-arm64 0.1.0 125.00 OK
r-oldrel-macos-x86_64 0.1.0 189.00 OK
r-oldrel-windows-x86_64 0.1.0 14.00 299.00 313.00 OK

Check Details

Version: 0.1.0
Check: CRAN incoming feasibility
Result: NOTE Maintainer: ‘Alexander White <whitealj@iu.edu>’ The BugReports field in DESCRIPTION has https://github.com/alexanderjwhite/mixedLSR which should likely be https://github.com/alexanderjwhite/mixedLSR/issues instead. Flavors: r-devel-linux-x86_64-debian-clang, r-devel-linux-x86_64-debian-gcc