Last updated on 2024-05-12 13:56:55 CEST.
Flavor | Version | Tinstall | Tcheck | Ttotal | Status | Flags |
---|---|---|---|---|---|---|
r-devel-linux-x86_64-debian-clang | 1.2.0 | 37.68 | 56.49 | 94.17 | OK | |
r-devel-linux-x86_64-debian-gcc | 1.2.0 | 25.57 | 43.02 | 68.59 | OK | |
r-devel-linux-x86_64-fedora-clang | 1.2.0 | 134.48 | OK | |||
r-devel-linux-x86_64-fedora-gcc | 1.2.0 | 180.85 | OK | |||
r-devel-windows-x86_64 | 1.2.0 | 29.00 | 80.00 | 109.00 | OK | |
r-patched-linux-x86_64 | 1.2.0 | 38.51 | 53.48 | 91.99 | OK | |
r-release-linux-x86_64 | 1.2.0 | 33.45 | 54.81 | 88.26 | OK | |
r-release-macos-arm64 | 1.2.0 | 38.00 | NOTE | |||
r-release-macos-x86_64 | 1.2.0 | 75.00 | NOTE | |||
r-release-windows-x86_64 | 1.2.0 | 28.00 | 80.00 | 108.00 | OK | |
r-oldrel-macos-arm64 | 1.2.0 | 39.00 | NOTE | |||
r-oldrel-macos-x86_64 | 1.2.0 | 62.00 | NOTE | |||
r-oldrel-windows-x86_64 | 1.2.0 | 36.00 | 91.00 | 127.00 | OK |
Version: 1.2.0
Check: installed package size
Result: NOTE
installed size is 5.4Mb
sub-directories of 1Mb or more:
doc 2.4Mb
extdata 1.2Mb
libs 1.6Mb
Flavors: r-release-macos-arm64, r-release-macos-x86_64, r-oldrel-macos-arm64, r-oldrel-macos-x86_64