Last updated on 2025-06-30 15:49:43 CEST.
Flavor | Version | Tinstall | Tcheck | Ttotal | Status | Flags |
---|---|---|---|---|---|---|
r-devel-linux-x86_64-debian-clang | 2.0-3 | 44.90 | 400.34 | 445.24 | NOTE | |
r-devel-linux-x86_64-debian-gcc | 2.0-3 | 31.29 | 268.74 | 300.03 | NOTE | |
r-devel-linux-x86_64-fedora-clang | 2.0-3 | 704.82 | OK | |||
r-devel-linux-x86_64-fedora-gcc | 2.0-3 | 713.35 | OK | |||
r-devel-windows-x86_64 | 2.0-3 | 43.00 | 324.00 | 367.00 | OK | |
r-patched-linux-x86_64 | NOTE | |||||
r-release-linux-x86_64 | 2.0-3 | 46.58 | 381.49 | 428.07 | NOTE | |
r-release-macos-arm64 | 2.0-3 | 157.00 | OK | |||
r-release-macos-x86_64 | 2.0-3 | 351.00 | OK | |||
r-release-windows-x86_64 | 2.0-3 | 43.00 | 321.00 | 364.00 | OK | |
r-oldrel-macos-arm64 | 2.0-3 | 86.00 | OK | |||
r-oldrel-macos-x86_64 | 2.0-3 | 258.00 | OK | |||
r-oldrel-windows-x86_64 | 2.0-3 | 62.00 | 442.00 | 504.00 | OK |
Version: 2.0-3
Check: for unstated dependencies in ‘demo’
Result: NOTE
'library' or 'require' call not declared from: ‘xts’
Flavors: r-devel-linux-x86_64-debian-clang, r-devel-linux-x86_64-debian-gcc, r-patched-linux-x86_64, r-release-linux-x86_64