Last updated on 2025-06-30 15:49:43 CEST.
Flavor | Version | Tinstall | Tcheck | Ttotal | Status | Flags |
---|---|---|---|---|---|---|
r-devel-linux-x86_64-debian-clang | 2.1.2 | 11.47 | 221.62 | 233.09 | OK | |
r-devel-linux-x86_64-debian-gcc | 2.1.2 | 7.80 | 159.07 | 166.87 | OK | |
r-devel-linux-x86_64-fedora-clang | 2.1.2 | 354.92 | OK | |||
r-devel-linux-x86_64-fedora-gcc | 2.1.2 | 362.72 | OK | |||
r-devel-windows-x86_64 | 2.1.2 | 17.00 | 268.00 | 285.00 | OK | |
r-patched-linux-x86_64 | OK | |||||
r-release-linux-x86_64 | 2.1.2 | 10.89 | 212.35 | 223.24 | OK | |
r-release-macos-arm64 | 2.1.2 | 121.00 | OK | |||
r-release-macos-x86_64 | 2.1.2 | 260.00 | OK | |||
r-release-windows-x86_64 | 2.1.2 | 19.00 | 265.00 | 284.00 | OK | |
r-oldrel-macos-arm64 | 2.1.2 | 130.00 | NOTE | |||
r-oldrel-macos-x86_64 | 2.1.2 | 255.00 | NOTE | |||
r-oldrel-windows-x86_64 | 2.1.2 | 21.00 | 321.00 | 342.00 | NOTE |
Version: 2.1.2
Check: installed package size
Result: NOTE
installed size is 5.1Mb
sub-directories of 1Mb or more:
doc 3.5Mb
Flavors: r-oldrel-macos-arm64, r-oldrel-macos-x86_64, r-oldrel-windows-x86_64