Last updated on 2025-06-30 15:49:43 CEST.
Flavor | Version | Tinstall | Tcheck | Ttotal | Status | Flags |
---|---|---|---|---|---|---|
r-devel-linux-x86_64-debian-clang | 4.8.1 | 452.12 | 190.78 | 642.90 | OK | |
r-devel-linux-x86_64-debian-gcc | 4.8.1 | 289.06 | 119.75 | 408.81 | OK | |
r-devel-linux-x86_64-fedora-clang | 4.8.1 | 960.70 | OK | |||
r-devel-linux-x86_64-fedora-gcc | 4.8.1 | 1140.87 | OK | |||
r-devel-windows-x86_64 | 4.8.1 | 347.00 | 268.00 | 615.00 | OK | |
r-patched-linux-x86_64 | OK | |||||
r-release-linux-x86_64 | 4.8.1 | 392.81 | 179.20 | 572.01 | OK | |
r-release-macos-arm64 | 4.8.1 | 158.00 | OK | |||
r-release-macos-x86_64 | 4.8.1 | 202.00 | OK | |||
r-release-windows-x86_64 | 4.8.1 | 333.00 | 266.00 | 599.00 | OK | |
r-oldrel-macos-arm64 | 4.8.1 | 183.00 | NOTE | |||
r-oldrel-macos-x86_64 | 4.8.1 | 201.00 | NOTE | |||
r-oldrel-windows-x86_64 | 4.8.1 | 463.00 | 323.00 | 786.00 | NOTE |
Version: 4.8.1
Check: installed package size
Result: NOTE
installed size is 52.8Mb
sub-directories of 1Mb or more:
libs 51.5Mb
Flavors: r-oldrel-macos-arm64, r-oldrel-macos-x86_64, r-oldrel-windows-x86_64