CRAN Package Check Results for Package mcwr

Last updated on 2025-06-30 15:49:43 CEST.

Flavor Version Tinstall Tcheck Ttotal Status Flags
r-devel-linux-x86_64-debian-clang 1.0.0 1.92 20.97 22.89 OK
r-devel-linux-x86_64-debian-gcc 1.0.0 1.84 17.08 18.92 OK
r-devel-linux-x86_64-fedora-clang 1.0.0 36.66 OK
r-devel-linux-x86_64-fedora-gcc 1.0.0 34.63 OK
r-devel-windows-x86_64 1.0.0 4.00 39.00 43.00 OK
r-patched-linux-x86_64 OK
r-release-linux-x86_64 1.0.0 1.91 20.01 21.92 OK
r-release-macos-arm64 1.0.0 15.00 OK
r-release-macos-x86_64 1.0.0 24.00 OK
r-release-windows-x86_64 1.0.0 3.00 41.00 44.00 OK
r-oldrel-macos-arm64 1.0.0 14.00 NOTE
r-oldrel-macos-x86_64 1.0.0 23.00 NOTE
r-oldrel-windows-x86_64 1.0.0 3.00 38.00 41.00 NOTE

Check Details

Version: 1.0.0
Check: LazyData
Result: NOTE 'LazyData' is specified without a 'data' directory Flavors: r-oldrel-macos-arm64, r-oldrel-macos-x86_64, r-oldrel-windows-x86_64