CRAN Package Check Results for Package mbir

Last updated on 2025-06-30 15:49:43 CEST.

Flavor Version Tinstall Tcheck Ttotal Status Flags
r-devel-linux-x86_64-debian-clang 1.3.5 4.51 36.73 41.24 OK
r-devel-linux-x86_64-debian-gcc 1.3.5 3.16 28.03 31.19 OK
r-devel-linux-x86_64-fedora-clang 1.3.5 68.45 NOTE
r-devel-linux-x86_64-fedora-gcc 1.3.5 74.69 NOTE
r-devel-windows-x86_64 1.3.5 6.00 57.00 63.00 OK
r-patched-linux-x86_64 OK
r-release-linux-x86_64 1.3.5 4.63 34.56 39.19 OK
r-release-macos-arm64 1.3.5 48.00 OK
r-release-macos-x86_64 1.3.5 73.00 OK
r-release-windows-x86_64 1.3.5 5.00 55.00 60.00 OK
r-oldrel-macos-arm64 1.3.5 27.00 NOTE
r-oldrel-macos-x86_64 1.3.5 41.00 NOTE
r-oldrel-windows-x86_64 1.3.5 8.00 63.00 71.00 NOTE

Check Details

Version: 1.3.5
Check: dependencies in R code
Result: NOTE Namespaces in Imports field not imported from: ‘effsize’ ‘psych’ All declared Imports should be used. Flavors: r-devel-linux-x86_64-fedora-clang, r-devel-linux-x86_64-fedora-gcc

Version: 1.3.5
Check: LazyData
Result: NOTE 'LazyData' is specified without a 'data' directory Flavors: r-oldrel-macos-arm64, r-oldrel-macos-x86_64, r-oldrel-windows-x86_64