Last updated on 2024-05-11 11:48:21 CEST.
Flavor | Version | Tinstall | Tcheck | Ttotal | Status | Flags |
---|---|---|---|---|---|---|
r-devel-linux-x86_64-debian-clang | 0.6 | 11.93 | 298.07 | 310.00 | NOTE | |
r-devel-linux-x86_64-debian-gcc | 0.6 | 10.29 | 208.27 | 218.56 | NOTE | |
r-devel-linux-x86_64-fedora-clang | 0.6 | 361.59 | NOTE | |||
r-devel-linux-x86_64-fedora-gcc | 0.6 | 398.07 | NOTE | |||
r-devel-windows-x86_64 | 0.6 | 15.00 | 219.00 | 234.00 | NOTE | |
r-patched-linux-x86_64 | 0.6 | 17.99 | 277.02 | 295.01 | NOTE | |
r-release-linux-x86_64 | 0.6 | 12.07 | 278.87 | 290.94 | NOTE | |
r-release-macos-arm64 | 0.6 | 89.00 | NOTE | |||
r-release-windows-x86_64 | 0.6 | 13.00 | 214.00 | 227.00 | NOTE | |
r-oldrel-macos-arm64 | 0.6 | 81.00 | NOTE | |||
r-oldrel-macos-x86_64 | 0.6 | 136.00 | NOTE | |||
r-oldrel-windows-x86_64 | 0.6 | 19.00 | 279.00 | 298.00 | NOTE |
Version: 0.6
Check: LazyData
Result: NOTE
'LazyData' is specified without a 'data' directory
Flavors: r-devel-linux-x86_64-debian-clang, r-devel-linux-x86_64-debian-gcc, r-devel-linux-x86_64-fedora-clang, r-devel-linux-x86_64-fedora-gcc, r-devel-windows-x86_64, r-patched-linux-x86_64, r-release-linux-x86_64, r-release-macos-arm64, r-release-windows-x86_64, r-oldrel-macos-arm64, r-oldrel-macos-x86_64, r-oldrel-windows-x86_64
Version: 0.6
Check: Rd cross-references
Result: NOTE
Undeclared packages ‘logistf’, ‘brglm’ in Rd xrefs
Flavor: r-devel-linux-x86_64-fedora-clang