Last updated on 2025-06-30 15:49:43 CEST.
Flavor | Version | Tinstall | Tcheck | Ttotal | Status | Flags |
---|---|---|---|---|---|---|
r-devel-linux-x86_64-debian-clang | 0.2.0 | 3.40 | 149.12 | 152.52 | NOTE | |
r-devel-linux-x86_64-debian-gcc | 0.2.0 | 2.66 | 98.37 | 101.03 | NOTE | |
r-devel-linux-x86_64-fedora-clang | 0.2.0 | 237.62 | OK | |||
r-devel-linux-x86_64-fedora-gcc | 0.2.0 | 227.10 | OK | |||
r-devel-windows-x86_64 | 0.2.0 | 5.00 | 168.00 | 173.00 | OK | |
r-patched-linux-x86_64 | OK | |||||
r-release-linux-x86_64 | 0.2.0 | 3.50 | 137.35 | 140.85 | OK | |
r-release-macos-arm64 | 0.2.0 | 90.00 | OK | |||
r-release-macos-x86_64 | 0.2.0 | 209.00 | OK | |||
r-release-windows-x86_64 | 0.2.0 | 7.00 | 166.00 | 173.00 | OK | |
r-oldrel-macos-arm64 | 0.2.0 | 77.00 | OK | |||
r-oldrel-macos-x86_64 | 0.2.0 | 129.00 | OK | |||
r-oldrel-windows-x86_64 | 0.2.0 | 4.00 | 206.00 | 210.00 | OK |
Version: 0.2.0
Check: CRAN incoming feasibility
Result: NOTE
Maintainer: ‘Steven E. Pav <shabbychef@gmail.com>’
Package CITATION file contains call(s) to old-style citEntry(). Please
use bibentry() instead.
Flavors: r-devel-linux-x86_64-debian-clang, r-devel-linux-x86_64-debian-gcc