CRAN Package Check Results for Package maxmatching

Last updated on 2025-02-22 12:50:38 CET.

Flavor Version Tinstall Tcheck Ttotal Status Flags
r-devel-linux-x86_64-debian-clang 0.1.0 4.23 27.47 31.70 OK
r-devel-linux-x86_64-debian-gcc 0.1.0 2.53 20.60 23.13 OK
r-devel-linux-x86_64-fedora-clang 0.1.0 48.77 OK
r-devel-linux-x86_64-fedora-gcc 0.1.0 51.01 OK
r-devel-macos-arm64 0.1.0 19.00 OK
r-devel-macos-x86_64 0.1.0 30.00 OK
r-devel-windows-x86_64 0.1.0 5.00 48.00 53.00 OK
r-patched-linux-x86_64 0.1.0 4.20 26.26 30.46 NOTE
r-release-linux-x86_64 0.1.0 3.67 25.59 29.26 NOTE
r-release-macos-arm64 0.1.0 19.00 NOTE
r-release-macos-x86_64 0.1.0 26.00 NOTE
r-release-windows-x86_64 0.1.0 5.00 46.00 51.00 NOTE
r-oldrel-macos-arm64 0.1.0 20.00 NOTE
r-oldrel-macos-x86_64 0.1.0 25.00 NOTE
r-oldrel-windows-x86_64 0.1.0 6.00 50.00 56.00 NOTE

Check Details

Version: 0.1.0
Check: LazyData
Result: NOTE 'LazyData' is specified without a 'data' directory Flavors: r-patched-linux-x86_64, r-release-linux-x86_64, r-release-macos-arm64, r-release-macos-x86_64, r-release-windows-x86_64, r-oldrel-macos-arm64, r-oldrel-macos-x86_64, r-oldrel-windows-x86_64