Last updated on 2025-11-24 07:50:05 CET.
| Flavor | Version | Tinstall | Tcheck | Ttotal | Status | Flags |
|---|---|---|---|---|---|---|
| r-devel-linux-x86_64-debian-clang | 1.0.0 | 1.38 | 20.51 | 21.89 | OK | |
| r-devel-linux-x86_64-debian-gcc | 1.0.0 | 1.46 | 16.64 | 18.10 | OK | |
| r-devel-linux-x86_64-fedora-clang | 1.0.0 | 33.26 | NOTE | |||
| r-devel-linux-x86_64-fedora-gcc | 1.0.0 | 31.36 | NOTE | |||
| r-devel-windows-x86_64 | 1.0.0 | 5.00 | 43.00 | 48.00 | OK | |
| r-patched-linux-x86_64 | 1.0.0 | 1.68 | 19.45 | 21.13 | OK | |
| r-release-linux-x86_64 | 1.0.0 | 1.69 | 19.17 | 20.86 | OK | |
| r-release-macos-arm64 | 1.0.0 | OK | ||||
| r-release-macos-x86_64 | 1.0.0 | 2.00 | 30.00 | 32.00 | OK | |
| r-release-windows-x86_64 | 1.0.0 | 3.00 | 43.00 | 46.00 | OK | |
| r-oldrel-macos-arm64 | 1.0.0 | OK | ||||
| r-oldrel-macos-x86_64 | 1.0.0 | 1.00 | 24.00 | 25.00 | OK | |
| r-oldrel-windows-x86_64 | 1.0.0 | 4.00 | 49.00 | 53.00 | OK |
Version: 1.0.0
Check: dependencies in R code
Result: NOTE
Namespace in Imports field not imported from: ‘pbmcapply’
All declared Imports should be used.
Flavors: r-devel-linux-x86_64-fedora-clang, r-devel-linux-x86_64-fedora-gcc