CRAN Package Check Results for Package mapi

Last updated on 2025-06-30 15:49:43 CEST.

Flavor Version Tinstall Tcheck Ttotal Status Flags
r-devel-linux-x86_64-debian-clang 1.0.5 16.69 51.13 67.82 OK
r-devel-linux-x86_64-debian-gcc 1.1.3 10.59 163.93 174.52 OK
r-devel-linux-x86_64-fedora-clang 1.0.5 114.77 OK
r-devel-linux-x86_64-fedora-gcc 1.1.3 333.16 OK
r-devel-windows-x86_64 1.1.3 20.00 165.00 185.00 OK
r-patched-linux-x86_64 OK
r-release-linux-x86_64 1.1.3 14.35 218.61 232.96 OK
r-release-macos-arm64 1.0.5 41.00 OK
r-release-macos-x86_64 1.1.3 154.00 ERROR
r-release-windows-x86_64 1.0.5 22.00 88.00 110.00 OK
r-oldrel-macos-arm64 1.0.5 36.00 OK
r-oldrel-macos-x86_64 1.1.3 150.00 ERROR
r-oldrel-windows-x86_64 1.1.3 22.00 186.00 208.00 OK

Check Details

Version: 1.1.3
Check: tests
Result: ERROR Running ‘testthat.R’ [62s/100s] Running the tests in ‘tests/testthat.R’ failed. Complete output: > # This file is part of the standard setup for testthat. > # It is recommended that you do not modify it. > # > # Where should you do additional test configuration? > # Learn more about the roles of various files in: > # * https://r-pkgs.org/testing-design.html#sec-tests-files-overview > # * https://testthat.r-lib.org/articles/special-files.html > > library(testthat) > library(mapi) > > test_check("mapi") Checking data... `metric` provided as a vector Unique names ... OK All samples used in metric ... OK ... 200 samples and 39800 metric left. Estimated halfwidth: 286.835888 Estimated halfwidth: 143.417944 Linking to GEOS 3.13.0, GDAL 3.8.5, PROJ 9.5.1; sf_use_s2() is TRUE Building local cartesian grid... ... 1071 cells Building worldwide lat/lon grid... Resolution: 5, Area (km^2): 209903.548034604, Spacing (km): 452.492014449456, CLS (km): 517.004996903084 ... 2432 cells Building local cartesian grid... ... 1071 cells MAPI COMPUTATION STARTED Checking data... `metric` provided as a vector Unique names ... OK All samples used in metric ... OK ... 200 samples and 39800 metric left. Building 20100 elliptical polygons... ... 20100 ellipses. [user: 1.495, system: 0.046, elapsed: 2.123 seconds] Computing spatial intersection between 1071 grid cells and 20100 ellipses... ... done. [user: 8.907, system: 0.116, elapsed: 11.643 seconds] Building sample pairs... ... 39800 sample pairs. [user: 0.184, system: 0.013, elapsed: 0.208 seconds] Matching grid cells with sample pairs... ... 2295394 matches found. [user: 3.669, system: 0.192, elapsed: 4.199 seconds] Computing values for grid cells... ... done. [user: 0.159, system: 0.004, elapsed: 0.221 seconds] MAPI COMPUTATION ENDED. [TOTAL: user: 14.947, system: 0.397, elapsed: 19.129 seconds] MAPI COMPUTATION STARTED Checking data... `metric` provided as a vector Unique names ... OK All samples used in metric ... OK ... 200 samples and 39800 metric left. Building 20100 elliptical polygons... ... 20100 ellipses. [user: 1.478, system: 0.037, elapsed: 2.374 seconds] Computing spatial intersection between 1071 grid cells and 20100 ellipses... ... done. [user: 9.078, system: 0.090, elapsed: 12.886 seconds] Building sample pairs... ... 39800 sample pairs. [user: 0.190, system: 0.013, elapsed: 0.301 seconds] Matching grid cells with sample pairs... ... 2295394 matches found. [user: 3.743, system: 0.180, elapsed: 6.504 seconds] Computing values for grid cells... ... done. [user: 0.163, system: 0.004, elapsed: 0.263 seconds] MAPI COMPUTATION ENDED. [TOTAL: user: 15.191, system: 0.345, elapsed: 23.171 seconds] Building local cartesian grid... ... 1071 cells MAPI COMPUTATION STARTED Checking data... `metric` provided as a vector Unique names ... OK All samples used in metric ... OK ... 200 samples and 39800 metric left. Building 20100 elliptical polygons... ... 20100 ellipses. [user: 1.541, system: 0.033, elapsed: 2.793 seconds] Computing spatial intersection between 1071 grid cells and 20100 ellipses... ... done. [user: 8.969, system: 0.080, elapsed: 14.928 seconds] Building sample pairs... ... 39800 sample pairs. [user: 0.187, system: 0.012, elapsed: 0.264 seconds] Matching grid cells with sample pairs... ... 2295394 matches found. [user: 3.723, system: 0.182, elapsed: 6.010 seconds] Computing values for grid cells... ... done. [user: 0.159, system: 0.002, elapsed: 0.241 seconds] Starting 50 permutations... ... serially ... | | | 0% | |== | 2% | |=== | 4% | |===== | 6% | |====== | 8% | |======== | 10% | |========== | 12% | |=========== | 14% | |============= | 16% | |============== | 18% | |================ | 20% | |================== | 22% | |=================== | 24% | |===================== | 26% | |====================== | 28% | |======================== | 30% | |========================== | 32% | |=========================== | 34% | |============================= | 36% | |============================== | 38% | |================================ | 40% | |================================== | 42% | |=================================== | 44% | |===================================== | 46% | |====================================== | 48% | |======================================== | 50% | |========================================== | 52% | |=========================================== | 54% | |============================================= | 56% | |============================================== | 58% | |================================================ | 60% | |================================================== | 62% | |=================================================== | 64% | |===================================================== | 66% | |====================================================== | 68% | |======================================================== | 70% | |========================================================== | 72% | |=========================================================== | 74% | |============================================================= | 76% | |============================================================== | 78% | |================================================================ | 80% | |================================================================== | 82% | |=================================================================== | 84% | |===================================================================== | 86% | |====================================================================== | 88% | |======================================================================== | 90% | |========================================================================== | 92% | |=========================================================================== | 94% | |============================================================================= | 96% | |============================================================================== | 98% | |================================================================================| 100% ... computing probabilities from permuted values ... ... done. [user: 10.064, system: 0.488, elapsed: 23.541 seconds] MAPI COMPUTATION ENDED. [TOTAL: user: 25.275, system: 0.824, elapsed: 48.853 seconds] Significant areas aggregation, with percentile filter minQ > 0.000000 and alpha = 0.050000 ... ... 1 upper-tail and 3 lower-tail significant areas returned Building local cartesian grid... ... 1045 cells [ FAIL 1 | WARN 0 | SKIP 0 | PASS 18 ] ══ Failed tests ════════════════════════════════════════════════════════════════ ── Failure ('test-MAPI_Varicell.R:15:5'): MAPI_Varicell ──────────────────────── sd(sf::st_area(grid.var)) (`actual`) not equal to 963339.563502512 (`expected`). `actual`: 963429.6 `expected`: 963339.6 [ FAIL 1 | WARN 0 | SKIP 0 | PASS 18 ] Error: Test failures Execution halted Flavor: r-release-macos-x86_64

Version: 1.1.3
Check: tests
Result: ERROR Running ‘testthat.R’ [60s/85s] Running the tests in ‘tests/testthat.R’ failed. Complete output: > # This file is part of the standard setup for testthat. > # It is recommended that you do not modify it. > # > # Where should you do additional test configuration? > # Learn more about the roles of various files in: > # * https://r-pkgs.org/testing-design.html#sec-tests-files-overview > # * https://testthat.r-lib.org/articles/special-files.html > > library(testthat) > library(mapi) > > test_check("mapi") Checking data... `metric` provided as a vector Unique names ... OK All samples used in metric ... OK ... 200 samples and 39800 metric left. Estimated halfwidth: 286.835888 Estimated halfwidth: 143.417944 Linking to GEOS 3.13.0, GDAL 3.8.5, PROJ 9.5.1; sf_use_s2() is TRUE Building local cartesian grid... ... 1071 cells Building worldwide lat/lon grid... Resolution: 5, Area (km^2): 209903.548034604, Spacing (km): 452.492014449456, CLS (km): 517.004996903084 ... 2432 cells Building local cartesian grid... ... 1071 cells MAPI COMPUTATION STARTED Checking data... `metric` provided as a vector Unique names ... OK All samples used in metric ... OK ... 200 samples and 39800 metric left. Building 20100 elliptical polygons... ... 20100 ellipses. [user: 1.426, system: 0.039, elapsed: 1.511 seconds] Computing spatial intersection between 1071 grid cells and 20100 ellipses... ... done. [user: 8.469, system: 0.058, elapsed: 8.785 seconds] Building sample pairs... ... 39800 sample pairs. [user: 0.181, system: 0.012, elapsed: 0.194 seconds] Matching grid cells with sample pairs... ... 2295394 matches found. [user: 3.354, system: 0.170, elapsed: 3.653 seconds] Computing values for grid cells... ... done. [user: 0.154, system: 0.004, elapsed: 0.162 seconds] MAPI COMPUTATION ENDED. [TOTAL: user: 14.096, system: 0.303, elapsed: 14.846 seconds] MAPI COMPUTATION STARTED Checking data... `metric` provided as a vector Unique names ... OK All samples used in metric ... OK ... 200 samples and 39800 metric left. Building 20100 elliptical polygons... ... 20100 ellipses. [user: 1.464, system: 0.033, elapsed: 1.773 seconds] Computing spatial intersection between 1071 grid cells and 20100 ellipses... ... done. [user: 9.068, system: 0.094, elapsed: 14.857 seconds] Building sample pairs... ... 39800 sample pairs. [user: 0.185, system: 0.013, elapsed: 0.379 seconds] Matching grid cells with sample pairs... ... 2295394 matches found. [user: 3.567, system: 0.169, elapsed: 6.369 seconds] Computing values for grid cells... ... done. [user: 0.156, system: 0.003, elapsed: 0.235 seconds] MAPI COMPUTATION ENDED. [TOTAL: user: 14.974, system: 0.330, elapsed: 24.350 seconds] Building local cartesian grid... ... 1071 cells MAPI COMPUTATION STARTED Checking data... `metric` provided as a vector Unique names ... OK All samples used in metric ... OK ... 200 samples and 39800 metric left. Building 20100 elliptical polygons... ... 20100 ellipses. [user: 1.590, system: 0.035, elapsed: 2.839 seconds] Computing spatial intersection between 1071 grid cells and 20100 ellipses... ... done. [user: 8.999, system: 0.087, elapsed: 14.673 seconds] Building sample pairs... ... 39800 sample pairs. [user: 0.185, system: 0.012, elapsed: 0.299 seconds] Matching grid cells with sample pairs... ... 2295394 matches found. [user: 3.520, system: 0.172, elapsed: 5.973 seconds] Computing values for grid cells... ... done. [user: 0.157, system: 0.003, elapsed: 0.255 seconds] Starting 50 permutations... ... serially ... | | | 0% | |== | 2% | |=== | 4% | |===== | 6% | |====== | 8% | |======== | 10% | |========== | 12% | |=========== | 14% | |============= | 16% | |============== | 18% | |================ | 20% | |================== | 22% | |=================== | 24% | |===================== | 26% | |====================== | 28% | |======================== | 30% | |========================== | 32% | |=========================== | 34% | |============================= | 36% | |============================== | 38% | |================================ | 40% | |================================== | 42% | |=================================== | 44% | |===================================== | 46% | |====================================== | 48% | |======================================== | 50% | |========================================== | 52% | |=========================================== | 54% | |============================================= | 56% | |============================================== | 58% | |================================================ | 60% | |================================================== | 62% | |=================================================== | 64% | |===================================================== | 66% | |====================================================== | 68% | |======================================================== | 70% | |========================================================== | 72% | |=========================================================== | 74% | |============================================================= | 76% | |============================================================== | 78% | |================================================================ | 80% | |================================================================== | 82% | |=================================================================== | 84% | |===================================================================== | 86% | |====================================================================== | 88% | |======================================================================== | 90% | |========================================================================== | 92% | |=========================================================================== | 94% | |============================================================================= | 96% | |============================================================================== | 98% | |================================================================================| 100% ... computing probabilities from permuted values ... ... done. [user: 9.939, system: 0.471, elapsed: 12.953 seconds] MAPI COMPUTATION ENDED. [TOTAL: user: 25.026, system: 0.806, elapsed: 38.119 seconds] Significant areas aggregation, with percentile filter minQ > 0.000000 and alpha = 0.050000 ... ... 1 upper-tail and 3 lower-tail significant areas returned Building local cartesian grid... ... 1045 cells [ FAIL 1 | WARN 0 | SKIP 0 | PASS 18 ] ══ Failed tests ════════════════════════════════════════════════════════════════ ── Failure ('test-MAPI_Varicell.R:15:5'): MAPI_Varicell ──────────────────────── sd(sf::st_area(grid.var)) (`actual`) not equal to 963339.563502512 (`expected`). `actual`: 963429.6 `expected`: 963339.6 [ FAIL 1 | WARN 0 | SKIP 0 | PASS 18 ] Error: Test failures Execution halted Flavor: r-oldrel-macos-x86_64