Last updated on 2024-05-11 12:48:05 CEST.
Flavor | Version | Tinstall | Tcheck | Ttotal | Status | Flags |
---|---|---|---|---|---|---|
r-devel-linux-x86_64-debian-clang | 0.1.1 | 61.12 | 85.09 | 146.21 | NOTE | |
r-devel-linux-x86_64-debian-gcc | 0.1.1 | 51.08 | 62.50 | 113.58 | NOTE | |
r-devel-linux-x86_64-fedora-clang | 0.1.1 | 199.36 | NOTE | |||
r-devel-linux-x86_64-fedora-gcc | 0.1.1 | 258.72 | NOTE | |||
r-devel-windows-x86_64 | 0.1.1 | 52.00 | 100.00 | 152.00 | NOTE | |
r-patched-linux-x86_64 | 0.1.1 | 62.27 | 81.72 | 143.99 | NOTE | |
r-release-linux-x86_64 | 0.1.1 | 59.07 | 82.21 | 141.28 | NOTE | |
r-release-macos-arm64 | 0.1.1 | 48.00 | NOTE | |||
r-release-windows-x86_64 | 0.1.1 | 50.00 | 98.00 | 148.00 | NOTE | |
r-oldrel-macos-arm64 | 0.1.1 | 56.00 | NOTE | |||
r-oldrel-macos-x86_64 | 0.1.1 | 93.00 | NOTE | |||
r-oldrel-windows-x86_64 | 0.1.1 | 63.00 | 114.00 | 177.00 | NOTE |
Version: 0.1.1
Check: C++ specification
Result: NOTE
Specified C++11: please drop specification unless essential
Flavors: r-devel-linux-x86_64-debian-clang, r-devel-linux-x86_64-debian-gcc, r-devel-linux-x86_64-fedora-clang, r-devel-linux-x86_64-fedora-gcc, r-devel-windows-x86_64, r-patched-linux-x86_64, r-release-linux-x86_64, r-release-macos-arm64, r-release-windows-x86_64, r-oldrel-macos-arm64, r-oldrel-macos-x86_64, r-oldrel-windows-x86_64