Last updated on 2024-05-07 13:51:53 CEST.
Flavor | Version | Tinstall | Tcheck | Ttotal | Status | Flags |
---|---|---|---|---|---|---|
r-devel-linux-x86_64-debian-clang | 0.1.4 | 3.15 | 43.97 | 47.12 | NOTE | |
r-devel-linux-x86_64-debian-gcc | 0.1.4 | 1.97 | 33.02 | 34.99 | NOTE | |
r-devel-linux-x86_64-fedora-clang | 0.1.4 | 58.60 | NOTE | |||
r-devel-linux-x86_64-fedora-gcc | 0.1.4 | 66.79 | NOTE | |||
r-devel-windows-x86_64 | 0.1.4 | 5.00 | 54.00 | 59.00 | NOTE | |
r-patched-linux-x86_64 | 0.1.4 | 8.56 | 41.99 | 50.55 | NOTE | |
r-release-linux-x86_64 | 0.1.4 | 3.12 | 41.65 | 44.77 | NOTE | |
r-release-macos-arm64 | 0.1.4 | 24.00 | NOTE | |||
r-release-windows-x86_64 | 0.1.4 | 5.00 | 54.00 | 59.00 | NOTE | |
r-oldrel-macos-arm64 | 0.1.4 | 24.00 | NOTE | |||
r-oldrel-macos-x86_64 | 0.1.4 | 31.00 | NOTE | |||
r-oldrel-windows-x86_64 | 0.1.4 | 5.00 | 57.00 | 62.00 | NOTE |
Version: 0.1.4
Check: package subdirectories
Result: NOTE
Problems with news in ‘NEWS.md’:
No news entries found.
Flavors: r-devel-linux-x86_64-debian-clang, r-devel-linux-x86_64-debian-gcc, r-devel-linux-x86_64-fedora-clang, r-devel-linux-x86_64-fedora-gcc, r-devel-windows-x86_64, r-patched-linux-x86_64, r-release-linux-x86_64, r-release-macos-arm64, r-release-windows-x86_64, r-oldrel-macos-arm64, r-oldrel-macos-x86_64, r-oldrel-windows-x86_64