Last updated on 2025-11-16 07:49:38 CET.
| Flavor | Version | Tinstall | Tcheck | Ttotal | Status | Flags |
|---|---|---|---|---|---|---|
| r-devel-linux-x86_64-debian-clang | 1.1.2 | 44.07 | 36.62 | 80.69 | NOTE | |
| r-devel-linux-x86_64-debian-gcc | 1.1.2 | 23.97 | 28.96 | 52.93 | NOTE | |
| r-devel-linux-x86_64-fedora-clang | 1.1.2 | 128.00 | 48.81 | 176.81 | OK | |
| r-devel-linux-x86_64-fedora-gcc | 1.1.2 | 68.00 | 50.00 | 118.00 | OK | |
| r-devel-windows-x86_64 | 1.1.2 | 48.00 | 79.00 | 127.00 | OK | |
| r-patched-linux-x86_64 | 1.1.2 | 35.80 | 35.02 | 70.82 | OK | |
| r-release-linux-x86_64 | 1.1.2 | 34.76 | 35.03 | 69.79 | OK | |
| r-release-macos-arm64 | 1.1.2 | 19.00 | 22.00 | 41.00 | OK | |
| r-release-macos-x86_64 | 1.1.2 | 25.00 | 38.00 | 63.00 | OK | |
| r-release-windows-x86_64 | 1.1.2 | 47.00 | 90.00 | 137.00 | OK | |
| r-oldrel-macos-arm64 | 1.1.2 | 18.00 | 24.00 | 42.00 | OK | |
| r-oldrel-macos-x86_64 | 1.1.2 | 19.00 | 62.00 | 81.00 | OK | |
| r-oldrel-windows-x86_64 | 1.1.2 | 48.00 | 89.00 | 137.00 | OK |
Version: 1.1.2
Check: CRAN incoming feasibility
Result: NOTE
Maintainer: ‘Dong Liang <dliang@umces.edu>’
No Authors@R field in DESCRIPTION.
Please add one, modifying
Authors@R: c(person(given = "Naresh",
family = "Kumar",
role = "aut"),
person(given = "Dong",
family = "Liang",
role = c("aut", "cre"),
email = "dliang@umces.edu"))
as necessary.
Flavors: r-devel-linux-x86_64-debian-clang, r-devel-linux-x86_64-debian-gcc