Last updated on 2025-02-21 13:50:53 CET.
Flavor | Version | Tinstall | Tcheck | Ttotal | Status | Flags |
---|---|---|---|---|---|---|
r-devel-linux-x86_64-debian-clang | 1.3.3 | 144.03 | 283.10 | 427.13 | OK | |
r-devel-linux-x86_64-debian-gcc | 1.3.3 | 116.69 | 205.01 | 321.70 | OK | |
r-devel-linux-x86_64-fedora-clang | 1.3.3 | 669.29 | OK | |||
r-devel-linux-x86_64-fedora-gcc | 1.3.3 | 776.09 | OK | |||
r-devel-macos-arm64 | 1.3.3 | 206.00 | OK | |||
r-devel-macos-x86_64 | 1.3.3 | 433.00 | OK | |||
r-devel-windows-x86_64 | 1.3.3 | 126.00 | 370.00 | 496.00 | OK | |
r-patched-linux-x86_64 | 1.3.3 | 165.91 | 270.42 | 436.33 | OK | |
r-release-linux-x86_64 | 1.3.3 | 157.89 | 266.46 | 424.35 | OK | |
r-release-macos-arm64 | 1.3.3 | 205.00 | NOTE | |||
r-release-macos-x86_64 | 1.3.3 | 509.00 | NOTE | |||
r-release-windows-x86_64 | 1.3.3 | 133.00 | 363.00 | 496.00 | OK | |
r-oldrel-macos-arm64 | 1.3.3 | 192.00 | NOTE | |||
r-oldrel-macos-x86_64 | 1.3.3 | 410.00 | NOTE | |||
r-oldrel-windows-x86_64 | 1.3.3 | 173.00 | 447.00 | 620.00 | OK |
Version: 1.3.3
Check: installed package size
Result: NOTE
installed size is 10.6Mb
sub-directories of 1Mb or more:
libs 9.8Mb
Flavors: r-release-macos-arm64, r-release-macos-x86_64, r-oldrel-macos-arm64, r-oldrel-macos-x86_64