Last updated on 2024-05-02 12:50:53 CEST.
Flavor | Version | Tinstall | Tcheck | Ttotal | Status | Flags |
---|---|---|---|---|---|---|
r-devel-linux-x86_64-debian-clang | 2.2.2 | 8.23 | 348.11 | 356.34 | NOTE | |
r-devel-linux-x86_64-debian-gcc | 2.2.2 | 8.20 | 289.98 | 298.18 | NOTE | |
r-devel-linux-x86_64-fedora-clang | 2.2.2 | 444.61 | NOTE | |||
r-devel-linux-x86_64-fedora-gcc | 2.2.2 | 481.59 | NOTE | |||
r-devel-windows-x86_64 | 2.2.2 | 8.00 | 361.00 | 369.00 | NOTE | |
r-patched-linux-x86_64 | 2.2.2 | 10.29 | 356.86 | 367.15 | NOTE | |
r-release-linux-x86_64 | 2.2.2 | 9.97 | 371.94 | 381.91 | NOTE | |
r-release-macos-arm64 | 2.2.2 | 153.00 | NOTE | |||
r-release-windows-x86_64 | 2.2.2 | 9.00 | 353.00 | 362.00 | NOTE | |
r-oldrel-macos-arm64 | 2.2.2 | 170.00 | OK | |||
r-oldrel-macos-x86_64 | 2.2.2 | 345.00 | OK | |||
r-oldrel-windows-x86_64 | 2.2.2 | 11.00 | 406.00 | 417.00 | OK |
Version: 2.2.2
Check: Rd files
Result: NOTE
checkRd: (-1) qut.Rd:16: Lost braces; missing escapes or markup?
16 | \item{q}{A number between \code{0} and \code{1}. The quantile of the distribution of $lambda_{QUT}$ to take.}
| ^
checkRd: (-1) qut.Rd:25: Lost braces; missing escapes or markup?
25 | the value of $lambda_{QUT}$ to use in LoRI.
| ^
Flavors: r-devel-linux-x86_64-debian-clang, r-devel-linux-x86_64-debian-gcc, r-devel-linux-x86_64-fedora-clang, r-devel-linux-x86_64-fedora-gcc, r-devel-windows-x86_64, r-patched-linux-x86_64, r-release-linux-x86_64, r-release-macos-arm64, r-release-windows-x86_64