Last updated on 2025-02-05 13:51:03 CET.
Flavor | Version | Tinstall | Tcheck | Ttotal | Status | Flags |
---|---|---|---|---|---|---|
r-devel-linux-x86_64-debian-clang | 1.0.3 | 27.25 | 173.41 | 200.66 | NOTE | |
r-devel-linux-x86_64-debian-gcc | 1.0.3 | 17.29 | 124.29 | 141.58 | NOTE | |
r-devel-linux-x86_64-fedora-clang | 1.0.3 | 342.12 | NOTE | |||
r-devel-linux-x86_64-fedora-gcc | 1.0.3 | 331.94 | NOTE | |||
r-devel-windows-x86_64 | 1.0.3 | 23.00 | 165.00 | 188.00 | NOTE | |
r-patched-linux-x86_64 | 1.0.3 | 31.67 | 164.87 | 196.54 | NOTE | |
r-release-linux-x86_64 | 1.0.3 | 24.48 | 164.16 | 188.64 | NOTE | |
r-release-macos-arm64 | 1.0.3 | 174.00 | NOTE | |||
r-release-macos-x86_64 | 1.0.3 | 148.00 | NOTE | |||
r-release-windows-x86_64 | 1.0.3 | 22.00 | 161.00 | 183.00 | NOTE | |
r-oldrel-macos-arm64 | 1.0.3 | 93.00 | OK | |||
r-oldrel-macos-x86_64 | 1.0.3 | 189.00 | OK | |||
r-oldrel-windows-x86_64 | 1.0.3 | 26.00 | 180.00 | 206.00 | OK |
Version: 1.0.3
Check: Rd files
Result: NOTE
checkRd: (-1) loon.shiny.Rd:93-102: Lost braces in \itemize; meant \describe ?
checkRd: (-1) loon.shiny.Rd:95-96: Lost braces in \itemize; meant \describe ?
checkRd: (-1) loon.shiny.Rd:97: Lost braces in \itemize; meant \describe ?
checkRd: (-1) loon.shiny.Rd:98-100: Lost braces in \itemize; meant \describe ?
checkRd: (-1) loon.shiny.Rd:103-108: Lost braces in \itemize; meant \describe ?
checkRd: (-1) loon.shiny.Rd:105: Lost braces in \itemize; meant \describe ?
checkRd: (-1) loon.shiny.Rd:106: Lost braces in \itemize; meant \describe ?
Flavors: r-devel-linux-x86_64-debian-clang, r-devel-linux-x86_64-debian-gcc, r-devel-linux-x86_64-fedora-clang, r-devel-linux-x86_64-fedora-gcc, r-devel-windows-x86_64, r-patched-linux-x86_64, r-release-linux-x86_64, r-release-macos-arm64, r-release-macos-x86_64, r-release-windows-x86_64
Version: 1.0.3
Check: Rd cross-references
Result: NOTE
Found the following Rd file(s) with Rd \link{} targets missing package
anchors:
loon.shiny.Rd: ggplot2loon, grid.arrange, shinyApp, runApp
shiny.loon-deprecated.Rd: ggplot2loon, grid.arrange, shinyApp
Please provide package anchors for all Rd \link{} targets not in the
package itself and the base packages.
Flavors: r-devel-linux-x86_64-debian-clang, r-devel-linux-x86_64-debian-gcc, r-devel-windows-x86_64